{"id":7525,"date":"2026-04-27T04:40:50","date_gmt":"2026-04-27T04:40:50","guid":{"rendered":""},"modified":"2026-04-27T04:40:50","modified_gmt":"2026-04-27T04:40:50","slug":"akce-tyrolit-474753-diamantovy-rezaci-kotouc-premium-230x2-4x22-23mm-7525","status":"publish","type":"product","link":"https:\/\/www.oknobuild.com\/index.php\/produkt\/akce-tyrolit-474753-diamantovy-rezaci-kotouc-premium-230x2-4x22-23mm-7525\/","title":{"rendered":"Akce TYROLIT 474753 diamantov\u00fd \u0159ezac\u00ed kotou\u010d Premium 230&#215;2,4&#215;22,23mm"},"content":{"rendered":"<table>\n<div class=\"tab-pane active product-description\" id=\"popis\" role=\"tabpanel\">\n<div class=\"short-description\" itemprop=\"description\"><\/div>\n<div class=\"description\"><span class='bullet-line'>4v1 FAST CUT &#8211; diamantov\u00fd \u0159ezn\u00fd kotou\u010d <\/span><span class='bullet-line'>Pou\u017eit\u00ed: pro \u0159ez\u00e1n\u00ed r\u016fzn\u00fdch stavebn\u00edch materi\u00e1l\u016f, jako je beton, cihla, p\u0159\u00edrodn\u00ed k\u00e1men, \u017eula a \u017eelezo <\/span><span class='bullet-line'>Velmi univerz\u00e1ln\u00ed, snadno \u0159ezateln\u00fd, velmi dlouh\u00e1 \u017eivotnost n\u00e1stroje, chladn\u00fd \u0159ez d\u00edky turbo \u0159ezn\u00e9 hran\u011b<\/span><\/div>\n<\/table>\n","protected":false},"excerpt":{"rendered":"<p>4v1 FAST CUT &#8211; diamantov\u00fd \u0159ezn\u00fd kotou\u010d Pou\u017eit\u00ed: pro \u0159ez\u00e1n\u00ed r\u016fzn\u00fdch stavebn\u00edch materi\u00e1l\u016f, jako je beton, cihla, p\u0159\u00edrodn\u00ed k\u00e1men, \u017eula a \u017eelezo Velmi univerz\u00e1ln\u00ed, snadno \u0159ezateln\u00fd, velmi dlouh\u00e1 \u017eivotnost n\u00e1stroje, chladn\u00fd \u0159ez d\u00edky turbo \u0159ezn\u00e9 hran\u011b<\/p>\n","protected":false},"featured_media":7625,"comment_status":"open","ping_status":"open","template":"","meta":[],"product_brand":[],"product_cat":[41],"product_tag":[],"class_list":{"0":"post-7525","1":"product","2":"type-product","3":"status-publish","4":"has-post-thumbnail","6":"product_cat-naradi","8":"first","9":"instock","10":"sale","11":"shipping-taxable","12":"purchasable","13":"product-type-simple"},"yoast_head":"<!-- This site is optimized with the Yoast SEO plugin v26.8 - https:\/\/yoast.com\/product\/yoast-seo-wordpress\/ -->\n<title>Akce TYROLIT 474753 diamantov\u00fd \u0159ezac\u00ed kotou\u010d Premium 230x2,4x22,23mm -<\/title>\n<meta name=\"robots\" content=\"index, follow, max-snippet:-1, max-image-preview:large, max-video-preview:-1\" \/>\n<link rel=\"canonical\" href=\"https:\/\/www.oknobuild.com\/index.php\/produkt\/akce-tyrolit-474753-diamantovy-rezaci-kotouc-premium-230x2-4x22-23mm-7525\/\" \/>\n<meta property=\"og:locale\" content=\"cs_CZ\" \/>\n<meta property=\"og:type\" content=\"article\" \/>\n<meta property=\"og:title\" content=\"Akce TYROLIT 474753 diamantov\u00fd \u0159ezac\u00ed kotou\u010d Premium 230x2,4x22,23mm -\" \/>\n<meta property=\"og:description\" content=\"4v1 FAST CUT &#8211; diamantov\u00fd \u0159ezn\u00fd kotou\u010d Pou\u017eit\u00ed: pro \u0159ez\u00e1n\u00ed r\u016fzn\u00fdch stavebn\u00edch materi\u00e1l\u016f, jako je beton, cihla, p\u0159\u00edrodn\u00ed k\u00e1men, \u017eula a \u017eelezo Velmi univerz\u00e1ln\u00ed, snadno \u0159ezateln\u00fd, velmi dlouh\u00e1 \u017eivotnost n\u00e1stroje, chladn\u00fd \u0159ez d\u00edky turbo \u0159ezn\u00e9 hran\u011b\" \/>\n<meta property=\"og:url\" content=\"https:\/\/www.oknobuild.com\/index.php\/produkt\/akce-tyrolit-474753-diamantovy-rezaci-kotouc-premium-230x2-4x22-23mm-7525\/\" \/>\n<meta property=\"og:image\" content=\"https:\/\/www.oknobuild.com\/wp-content\/uploads\/2026\/SK0018473-CZ20260425-092328-0-1777080210-207916-1_095414.webp\" \/>\n\t<meta property=\"og:image:width\" content=\"800\" \/>\n\t<meta property=\"og:image:height\" content=\"800\" \/>\n\t<meta property=\"og:image:type\" content=\"image\/webp\" \/>\n<meta name=\"twitter:card\" content=\"summary_large_image\" \/>\n<script type=\"application\/ld+json\" class=\"yoast-schema-graph\">{\"@context\":\"https:\/\/schema.org\",\"@graph\":[{\"@type\":\"WebPage\",\"@id\":\"https:\/\/www.oknobuild.com\/index.php\/produkt\/akce-tyrolit-474753-diamantovy-rezaci-kotouc-premium-230x2-4x22-23mm-7525\/\",\"url\":\"https:\/\/www.oknobuild.com\/index.php\/produkt\/akce-tyrolit-474753-diamantovy-rezaci-kotouc-premium-230x2-4x22-23mm-7525\/\",\"name\":\"Akce TYROLIT 474753 diamantov\u00fd \u0159ezac\u00ed kotou\u010d Premium 230x2,4x22,23mm -\",\"isPartOf\":{\"@id\":\"https:\/\/www.oknobuild.com\/#website\"},\"primaryImageOfPage\":{\"@id\":\"https:\/\/www.oknobuild.com\/index.php\/produkt\/akce-tyrolit-474753-diamantovy-rezaci-kotouc-premium-230x2-4x22-23mm-7525\/#primaryimage\"},\"image\":{\"@id\":\"https:\/\/www.oknobuild.com\/index.php\/produkt\/akce-tyrolit-474753-diamantovy-rezaci-kotouc-premium-230x2-4x22-23mm-7525\/#primaryimage\"},\"thumbnailUrl\":\"https:\/\/www.oknobuild.com\/wp-content\/uploads\/2026\/SK0018473-CZ20260425-092328-0-1777080210-207916-1_095414.webp\",\"datePublished\":\"2026-04-27T04:40:50+00:00\",\"breadcrumb\":{\"@id\":\"https:\/\/www.oknobuild.com\/index.php\/produkt\/akce-tyrolit-474753-diamantovy-rezaci-kotouc-premium-230x2-4x22-23mm-7525\/#breadcrumb\"},\"inLanguage\":\"cs\",\"potentialAction\":[{\"@type\":\"ReadAction\",\"target\":[\"https:\/\/www.oknobuild.com\/index.php\/produkt\/akce-tyrolit-474753-diamantovy-rezaci-kotouc-premium-230x2-4x22-23mm-7525\/\"]}]},{\"@type\":\"ImageObject\",\"inLanguage\":\"cs\",\"@id\":\"https:\/\/www.oknobuild.com\/index.php\/produkt\/akce-tyrolit-474753-diamantovy-rezaci-kotouc-premium-230x2-4x22-23mm-7525\/#primaryimage\",\"url\":\"https:\/\/www.oknobuild.com\/wp-content\/uploads\/2026\/SK0018473-CZ20260425-092328-0-1777080210-207916-1_095414.webp\",\"contentUrl\":\"https:\/\/www.oknobuild.com\/wp-content\/uploads\/2026\/SK0018473-CZ20260425-092328-0-1777080210-207916-1_095414.webp\",\"width\":800,\"height\":800},{\"@type\":\"BreadcrumbList\",\"@id\":\"https:\/\/www.oknobuild.com\/index.php\/produkt\/akce-tyrolit-474753-diamantovy-rezaci-kotouc-premium-230x2-4x22-23mm-7525\/#breadcrumb\",\"itemListElement\":[{\"@type\":\"ListItem\",\"position\":1,\"name\":\"Home\",\"item\":\"https:\/\/www.oknobuild.com\/\"},{\"@type\":\"ListItem\",\"position\":2,\"name\":\"Products\",\"item\":\"https:\/\/www.oknobuild.com\/index.php\/products\/\"},{\"@type\":\"ListItem\",\"position\":3,\"name\":\"Akce TYROLIT 474753 diamantov\u00fd \u0159ezac\u00ed kotou\u010d Premium 230&#215;2,4&#215;22,23mm\"}]},{\"@type\":\"WebSite\",\"@id\":\"https:\/\/www.oknobuild.com\/#website\",\"url\":\"https:\/\/www.oknobuild.com\/\",\"name\":\"\",\"description\":\"\",\"potentialAction\":[{\"@type\":\"SearchAction\",\"target\":{\"@type\":\"EntryPoint\",\"urlTemplate\":\"https:\/\/www.oknobuild.com\/?s={search_term_string}\"},\"query-input\":{\"@type\":\"PropertyValueSpecification\",\"valueRequired\":true,\"valueName\":\"search_term_string\"}}],\"inLanguage\":\"cs\"}]}<\/script>\n<!-- \/ Yoast SEO plugin. -->","yoast_head_json":{"title":"Akce TYROLIT 474753 diamantov\u00fd \u0159ezac\u00ed kotou\u010d Premium 230x2,4x22,23mm -","robots":{"index":"index","follow":"follow","max-snippet":"max-snippet:-1","max-image-preview":"max-image-preview:large","max-video-preview":"max-video-preview:-1"},"canonical":"https:\/\/www.oknobuild.com\/index.php\/produkt\/akce-tyrolit-474753-diamantovy-rezaci-kotouc-premium-230x2-4x22-23mm-7525\/","og_locale":"cs_CZ","og_type":"article","og_title":"Akce TYROLIT 474753 diamantov\u00fd \u0159ezac\u00ed kotou\u010d Premium 230x2,4x22,23mm -","og_description":"4v1 FAST CUT &#8211; diamantov\u00fd \u0159ezn\u00fd kotou\u010d Pou\u017eit\u00ed: pro \u0159ez\u00e1n\u00ed r\u016fzn\u00fdch stavebn\u00edch materi\u00e1l\u016f, jako je beton, cihla, p\u0159\u00edrodn\u00ed k\u00e1men, \u017eula a \u017eelezo Velmi univerz\u00e1ln\u00ed, snadno \u0159ezateln\u00fd, velmi dlouh\u00e1 \u017eivotnost n\u00e1stroje, chladn\u00fd \u0159ez d\u00edky turbo \u0159ezn\u00e9 hran\u011b","og_url":"https:\/\/www.oknobuild.com\/index.php\/produkt\/akce-tyrolit-474753-diamantovy-rezaci-kotouc-premium-230x2-4x22-23mm-7525\/","og_image":[{"width":800,"height":800,"url":"https:\/\/www.oknobuild.com\/wp-content\/uploads\/2026\/SK0018473-CZ20260425-092328-0-1777080210-207916-1_095414.webp","type":"image\/webp"}],"twitter_card":"summary_large_image","schema":{"@context":"https:\/\/schema.org","@graph":[{"@type":"WebPage","@id":"https:\/\/www.oknobuild.com\/index.php\/produkt\/akce-tyrolit-474753-diamantovy-rezaci-kotouc-premium-230x2-4x22-23mm-7525\/","url":"https:\/\/www.oknobuild.com\/index.php\/produkt\/akce-tyrolit-474753-diamantovy-rezaci-kotouc-premium-230x2-4x22-23mm-7525\/","name":"Akce TYROLIT 474753 diamantov\u00fd \u0159ezac\u00ed kotou\u010d Premium 230x2,4x22,23mm -","isPartOf":{"@id":"https:\/\/www.oknobuild.com\/#website"},"primaryImageOfPage":{"@id":"https:\/\/www.oknobuild.com\/index.php\/produkt\/akce-tyrolit-474753-diamantovy-rezaci-kotouc-premium-230x2-4x22-23mm-7525\/#primaryimage"},"image":{"@id":"https:\/\/www.oknobuild.com\/index.php\/produkt\/akce-tyrolit-474753-diamantovy-rezaci-kotouc-premium-230x2-4x22-23mm-7525\/#primaryimage"},"thumbnailUrl":"https:\/\/www.oknobuild.com\/wp-content\/uploads\/2026\/SK0018473-CZ20260425-092328-0-1777080210-207916-1_095414.webp","datePublished":"2026-04-27T04:40:50+00:00","breadcrumb":{"@id":"https:\/\/www.oknobuild.com\/index.php\/produkt\/akce-tyrolit-474753-diamantovy-rezaci-kotouc-premium-230x2-4x22-23mm-7525\/#breadcrumb"},"inLanguage":"cs","potentialAction":[{"@type":"ReadAction","target":["https:\/\/www.oknobuild.com\/index.php\/produkt\/akce-tyrolit-474753-diamantovy-rezaci-kotouc-premium-230x2-4x22-23mm-7525\/"]}]},{"@type":"ImageObject","inLanguage":"cs","@id":"https:\/\/www.oknobuild.com\/index.php\/produkt\/akce-tyrolit-474753-diamantovy-rezaci-kotouc-premium-230x2-4x22-23mm-7525\/#primaryimage","url":"https:\/\/www.oknobuild.com\/wp-content\/uploads\/2026\/SK0018473-CZ20260425-092328-0-1777080210-207916-1_095414.webp","contentUrl":"https:\/\/www.oknobuild.com\/wp-content\/uploads\/2026\/SK0018473-CZ20260425-092328-0-1777080210-207916-1_095414.webp","width":800,"height":800},{"@type":"BreadcrumbList","@id":"https:\/\/www.oknobuild.com\/index.php\/produkt\/akce-tyrolit-474753-diamantovy-rezaci-kotouc-premium-230x2-4x22-23mm-7525\/#breadcrumb","itemListElement":[{"@type":"ListItem","position":1,"name":"Home","item":"https:\/\/www.oknobuild.com\/"},{"@type":"ListItem","position":2,"name":"Products","item":"https:\/\/www.oknobuild.com\/index.php\/products\/"},{"@type":"ListItem","position":3,"name":"Akce TYROLIT 474753 diamantov\u00fd \u0159ezac\u00ed kotou\u010d Premium 230&#215;2,4&#215;22,23mm"}]},{"@type":"WebSite","@id":"https:\/\/www.oknobuild.com\/#website","url":"https:\/\/www.oknobuild.com\/","name":"","description":"","potentialAction":[{"@type":"SearchAction","target":{"@type":"EntryPoint","urlTemplate":"https:\/\/www.oknobuild.com\/?s={search_term_string}"},"query-input":{"@type":"PropertyValueSpecification","valueRequired":true,"valueName":"search_term_string"}}],"inLanguage":"cs"}]}},"_links":{"self":[{"href":"https:\/\/www.oknobuild.com\/index.php\/wp-json\/wp\/v2\/product\/7525","targetHints":{"allow":["GET"]}}],"collection":[{"href":"https:\/\/www.oknobuild.com\/index.php\/wp-json\/wp\/v2\/product"}],"about":[{"href":"https:\/\/www.oknobuild.com\/index.php\/wp-json\/wp\/v2\/types\/product"}],"replies":[{"embeddable":true,"href":"https:\/\/www.oknobuild.com\/index.php\/wp-json\/wp\/v2\/comments?post=7525"}],"wp:featuredmedia":[{"embeddable":true,"href":"https:\/\/www.oknobuild.com\/index.php\/wp-json\/wp\/v2\/media\/7625"}],"wp:attachment":[{"href":"https:\/\/www.oknobuild.com\/index.php\/wp-json\/wp\/v2\/media?parent=7525"}],"wp:term":[{"taxonomy":"product_brand","embeddable":true,"href":"https:\/\/www.oknobuild.com\/index.php\/wp-json\/wp\/v2\/product_brand?post=7525"},{"taxonomy":"product_cat","embeddable":true,"href":"https:\/\/www.oknobuild.com\/index.php\/wp-json\/wp\/v2\/product_cat?post=7525"},{"taxonomy":"product_tag","embeddable":true,"href":"https:\/\/www.oknobuild.com\/index.php\/wp-json\/wp\/v2\/product_tag?post=7525"}],"curies":[{"name":"wp","href":"https:\/\/api.w.org\/{rel}","templated":true}]}}