{"id":76305,"date":"2026-04-27T04:44:03","date_gmt":"2026-04-27T04:44:03","guid":{"rendered":""},"modified":"2026-04-27T04:44:03","modified_gmt":"2026-04-27T04:44:03","slug":"znackovy-venkovni-stojaci-lampa-ideal-lux-luna-pt1-d50-191607-bila-50cm-ideallux-76305","status":"publish","type":"product","link":"https:\/\/www.oknobuild.com\/index.php\/produkt\/znackovy-venkovni-stojaci-lampa-ideal-lux-luna-pt1-d50-191607-bila-50cm-ideallux-76305\/","title":{"rendered":"Zna\u010dkov\u00fd Venkovn\u00ed stojac\u00ed lampa Ideal Lux Luna PT1 D50 191607 b\u00edl\u00e1 50cm &#8211; IDEALLUX"},"content":{"rendered":"<h3 class=\"product-h3\">Popis produktu<\/h3>\n<p>Netradi\u010dn\u00ed dekorativn\u00ed venkovn\u00ed sv\u00edtidlo Luna PT1 D50 v nejv\u011bt\u0161\u00edm proveden\u00ed ve tvaru krychle o velikosti 50 cm. Difuzor je vyroben z matn\u00e9ho b\u00edl\u00e9ho plastu, kter\u00fd p\u0159\u00edjemn\u011b rozptyluje sv\u011btlo. Sv\u00edtidlo je osazeno patic\u00ed E27 pro \u017e\u00e1rovku o maxim\u00e1ln\u00edm p\u0159\u00edkonu 1 x 60 W, kter\u00e1 nen\u00ed dod\u00e1v\u00e1na v balen\u00ed. Pro \u00fasporu el. energie doporu\u010dujeme pou\u017eit\u00ed \u00fasporn\u00e9 LED \u017e\u00e1rovky. Lampa je opat\u0159ena p\u0159\u00edvodn\u00edm kabelem se z\u00e1str\u010dkou a mont\u00e1\u017en\u00edm p\u0159\u00edslu\u0161enstv\u00edm pro p\u0159ipevn\u011bn\u00ed na zem. Kryt\u00ed IP44 zna\u010d\u00ed vod\u011bodolnost a sv\u00edtidlo je tak vhodn\u00e9 pro venkovn\u00ed pou\u017eit\u00ed.<\/p>\n<\/p><\/div>\n<\/p><\/div>\n<p><\/p>\n<div class=\"top-params\">\n<h3 class=\"product-h3 collapse-header \" data-toggle=\"collapse\" data-target=\"#collapseOne\" aria-expanded=\"true\" aria-controls=\"collapseOne\">Parametry<\/h3>\n<div id=\"collapseOne\" class=\"collapse show\" aria-labelledby=\"headingOne\" data-parent=\"#product-info-accordion1\">\n<table class=\"table-striped\">\n<tr>\n<td>                V\u00fd\u0161ka v mm            <\/td>\n<td>                500            <\/td>\n<\/tr>\n<tr>\n<td>                T\u0159\u00edda ochrany            <\/td>\n<td>                II            <\/td>\n<\/tr>\n<tr>\n<td>                \u0160\u00ed\u0159ka v mm            <\/td>\n<td>                500            <\/td>\n<\/tr>\n<tr>\n<td>                D\u00e9lka v mm            <\/td>\n<td>                500            <\/td>\n<\/tr>\n<tr>\n<td>                D\u00e9lka p\u0159\u00edvodn\u00edho kabelu v mm            <\/td>\n<td>                2800            <\/td>\n<\/tr>\n<tr>\n<td>                Ochrana IP            <\/td>\n<td>                IP44            <\/td>\n<\/tr>\n<tr>\n<td>                Max. p\u0159\u00edkon sv\u011bteln\u00e9ho zdroje            <\/td>\n<td>                60W            <\/td>\n<\/tr>\n<tr>\n<td>                V\u00fdkon            <\/td>\n<td>                60W            <\/td>\n<\/tr>\n<tr>\n<td>                Nap\u00e1jec\u00ed nap\u011bt\u00ed            <\/td>\n<td>                220-240V            <\/td>\n<\/tr>\n<tr>\n<td>                Patice            <\/td>\n<td>                E27            <\/td>\n<\/tr>\n<tr>\n<td>                V\u010detn\u011b sv\u011bteln\u00e9ho zdroje            <\/td>\n<td>                ne            <\/td>\n<\/tr>\n<tr>\n<td>                Materi\u00e1l            <\/td>\n<td>                plast            <\/td>\n<\/tr>\n<tr>\n<td>                Barva            <\/td>\n<td>                b\u00edl\u00e1            <\/td>\n<\/tr>\n<tr>\n<td>                Kolekce            <\/td>\n<td>                LUNA            <\/td>\n<\/tr>\n<tr>\n<td>                Po\u010det sv\u011bteln\u00fdch zdroj\u016f            <\/td>\n<td>                1            <\/td>\n<\/tr>\n<tr>\n<td>                V\u00fdrobce            <\/td>\n<td>                IDEALLUX            <\/td>\n<\/tr>\n<tr>\n<td>                Hmotnost g            <\/td>\n<td>                6700            <\/td>\n<\/tr>\n<tr>\n<td>                U v\u00fdrobce dostupn\u00fdch            <\/td>\n<td>                57                    ks            <\/td>\n<\/tr>\n<\/table>\n<\/div><\/div>\n<\/div>\n<div class=\"accordion\" id=\"product-info-accordion2\">\n","protected":false},"excerpt":{"rendered":"<p>Popis produktu Netradi\u010dn\u00ed dekorativn\u00ed venkovn\u00ed sv\u00edtidlo Luna PT1 D50 v nejv\u011bt\u0161\u00edm proveden\u00ed ve tvaru krychle o velikosti 50 cm. Difuzor je vyroben z matn\u00e9ho b\u00edl\u00e9ho plastu, kter\u00fd p\u0159\u00edjemn\u011b rozptyluje sv\u011btlo. Sv\u00edtidlo je osazeno patic\u00ed E27 pro \u017e\u00e1rovku o maxim\u00e1ln\u00edm p\u0159\u00edkonu 1 x 60 W, kter\u00e1 nen\u00ed dod\u00e1v\u00e1na v balen\u00ed. Pro \u00fasporu el. energie doporu\u010dujeme pou\u017eit\u00ed [&hellip;]<\/p>\n","protected":false},"featured_media":76405,"comment_status":"open","ping_status":"open","template":"","meta":[],"product_brand":[],"product_cat":[37],"product_tag":[],"class_list":{"0":"post-76305","1":"product","2":"type-product","3":"status-publish","4":"has-post-thumbnail","6":"product_cat-venkovni-svitidla","8":"first","9":"instock","10":"sale","11":"shipping-taxable","12":"purchasable","13":"product-type-simple"},"yoast_head":"<!-- This site is optimized with the Yoast SEO plugin v26.8 - https:\/\/yoast.com\/product\/yoast-seo-wordpress\/ -->\n<title>Zna\u010dkov\u00fd Venkovn\u00ed stojac\u00ed lampa Ideal Lux Luna PT1 D50 191607 b\u00edl\u00e1 50cm - IDEALLUX -<\/title>\n<meta name=\"robots\" content=\"index, follow, max-snippet:-1, max-image-preview:large, max-video-preview:-1\" \/>\n<link rel=\"canonical\" href=\"https:\/\/www.oknobuild.com\/index.php\/produkt\/znackovy-venkovni-stojaci-lampa-ideal-lux-luna-pt1-d50-191607-bila-50cm-ideallux-76305\/\" \/>\n<meta property=\"og:locale\" content=\"cs_CZ\" \/>\n<meta property=\"og:type\" content=\"article\" \/>\n<meta property=\"og:title\" content=\"Zna\u010dkov\u00fd Venkovn\u00ed stojac\u00ed lampa Ideal Lux Luna PT1 D50 191607 b\u00edl\u00e1 50cm - IDEALLUX -\" \/>\n<meta property=\"og:description\" content=\"Popis produktu Netradi\u010dn\u00ed dekorativn\u00ed venkovn\u00ed sv\u00edtidlo Luna PT1 D50 v nejv\u011bt\u0161\u00edm proveden\u00ed ve tvaru krychle o velikosti 50 cm. Difuzor je vyroben z matn\u00e9ho b\u00edl\u00e9ho plastu, kter\u00fd p\u0159\u00edjemn\u011b rozptyluje sv\u011btlo. Sv\u00edtidlo je osazeno patic\u00ed E27 pro \u017e\u00e1rovku o maxim\u00e1ln\u00edm p\u0159\u00edkonu 1 x 60 W, kter\u00e1 nen\u00ed dod\u00e1v\u00e1na v balen\u00ed. Pro \u00fasporu el. energie doporu\u010dujeme pou\u017eit\u00ed [&hellip;]\" \/>\n<meta property=\"og:url\" content=\"https:\/\/www.oknobuild.com\/index.php\/produkt\/znackovy-venkovni-stojaci-lampa-ideal-lux-luna-pt1-d50-191607-bila-50cm-ideallux-76305\/\" \/>\n<meta property=\"og:image\" content=\"https:\/\/www.oknobuild.com\/wp-content\/uploads\/2026\/SK0015981-CZ20260425-091535-0-1777079743-ILUX-191607.webp\" \/>\n\t<meta property=\"og:image:width\" content=\"425\" \/>\n\t<meta property=\"og:image:height\" content=\"425\" \/>\n\t<meta property=\"og:image:type\" content=\"image\/webp\" \/>\n<meta name=\"twitter:card\" content=\"summary_large_image\" \/>\n<meta name=\"twitter:label1\" content=\"Odhadovan\u00e1 doba \u010dten\u00ed\" \/>\n\t<meta name=\"twitter:data1\" content=\"1 minuta\" \/>\n<script type=\"application\/ld+json\" class=\"yoast-schema-graph\">{\"@context\":\"https:\/\/schema.org\",\"@graph\":[{\"@type\":\"WebPage\",\"@id\":\"https:\/\/www.oknobuild.com\/index.php\/produkt\/znackovy-venkovni-stojaci-lampa-ideal-lux-luna-pt1-d50-191607-bila-50cm-ideallux-76305\/\",\"url\":\"https:\/\/www.oknobuild.com\/index.php\/produkt\/znackovy-venkovni-stojaci-lampa-ideal-lux-luna-pt1-d50-191607-bila-50cm-ideallux-76305\/\",\"name\":\"Zna\u010dkov\u00fd Venkovn\u00ed stojac\u00ed lampa Ideal Lux Luna PT1 D50 191607 b\u00edl\u00e1 50cm - IDEALLUX -\",\"isPartOf\":{\"@id\":\"https:\/\/www.oknobuild.com\/#website\"},\"primaryImageOfPage\":{\"@id\":\"https:\/\/www.oknobuild.com\/index.php\/produkt\/znackovy-venkovni-stojaci-lampa-ideal-lux-luna-pt1-d50-191607-bila-50cm-ideallux-76305\/#primaryimage\"},\"image\":{\"@id\":\"https:\/\/www.oknobuild.com\/index.php\/produkt\/znackovy-venkovni-stojaci-lampa-ideal-lux-luna-pt1-d50-191607-bila-50cm-ideallux-76305\/#primaryimage\"},\"thumbnailUrl\":\"https:\/\/www.oknobuild.com\/wp-content\/uploads\/2026\/SK0015981-CZ20260425-091535-0-1777079743-ILUX-191607.webp\",\"datePublished\":\"2026-04-27T04:44:03+00:00\",\"breadcrumb\":{\"@id\":\"https:\/\/www.oknobuild.com\/index.php\/produkt\/znackovy-venkovni-stojaci-lampa-ideal-lux-luna-pt1-d50-191607-bila-50cm-ideallux-76305\/#breadcrumb\"},\"inLanguage\":\"cs\",\"potentialAction\":[{\"@type\":\"ReadAction\",\"target\":[\"https:\/\/www.oknobuild.com\/index.php\/produkt\/znackovy-venkovni-stojaci-lampa-ideal-lux-luna-pt1-d50-191607-bila-50cm-ideallux-76305\/\"]}]},{\"@type\":\"ImageObject\",\"inLanguage\":\"cs\",\"@id\":\"https:\/\/www.oknobuild.com\/index.php\/produkt\/znackovy-venkovni-stojaci-lampa-ideal-lux-luna-pt1-d50-191607-bila-50cm-ideallux-76305\/#primaryimage\",\"url\":\"https:\/\/www.oknobuild.com\/wp-content\/uploads\/2026\/SK0015981-CZ20260425-091535-0-1777079743-ILUX-191607.webp\",\"contentUrl\":\"https:\/\/www.oknobuild.com\/wp-content\/uploads\/2026\/SK0015981-CZ20260425-091535-0-1777079743-ILUX-191607.webp\",\"width\":425,\"height\":425},{\"@type\":\"BreadcrumbList\",\"@id\":\"https:\/\/www.oknobuild.com\/index.php\/produkt\/znackovy-venkovni-stojaci-lampa-ideal-lux-luna-pt1-d50-191607-bila-50cm-ideallux-76305\/#breadcrumb\",\"itemListElement\":[{\"@type\":\"ListItem\",\"position\":1,\"name\":\"Home\",\"item\":\"https:\/\/www.oknobuild.com\/\"},{\"@type\":\"ListItem\",\"position\":2,\"name\":\"Products\",\"item\":\"https:\/\/www.oknobuild.com\/index.php\/products\/\"},{\"@type\":\"ListItem\",\"position\":3,\"name\":\"Zna\u010dkov\u00fd Venkovn\u00ed stojac\u00ed lampa Ideal Lux Luna PT1 D50 191607 b\u00edl\u00e1 50cm &#8211; IDEALLUX\"}]},{\"@type\":\"WebSite\",\"@id\":\"https:\/\/www.oknobuild.com\/#website\",\"url\":\"https:\/\/www.oknobuild.com\/\",\"name\":\"\",\"description\":\"\",\"potentialAction\":[{\"@type\":\"SearchAction\",\"target\":{\"@type\":\"EntryPoint\",\"urlTemplate\":\"https:\/\/www.oknobuild.com\/?s={search_term_string}\"},\"query-input\":{\"@type\":\"PropertyValueSpecification\",\"valueRequired\":true,\"valueName\":\"search_term_string\"}}],\"inLanguage\":\"cs\"}]}<\/script>\n<!-- \/ Yoast SEO plugin. -->","yoast_head_json":{"title":"Zna\u010dkov\u00fd Venkovn\u00ed stojac\u00ed lampa Ideal Lux Luna PT1 D50 191607 b\u00edl\u00e1 50cm - IDEALLUX -","robots":{"index":"index","follow":"follow","max-snippet":"max-snippet:-1","max-image-preview":"max-image-preview:large","max-video-preview":"max-video-preview:-1"},"canonical":"https:\/\/www.oknobuild.com\/index.php\/produkt\/znackovy-venkovni-stojaci-lampa-ideal-lux-luna-pt1-d50-191607-bila-50cm-ideallux-76305\/","og_locale":"cs_CZ","og_type":"article","og_title":"Zna\u010dkov\u00fd Venkovn\u00ed stojac\u00ed lampa Ideal Lux Luna PT1 D50 191607 b\u00edl\u00e1 50cm - IDEALLUX -","og_description":"Popis produktu Netradi\u010dn\u00ed dekorativn\u00ed venkovn\u00ed sv\u00edtidlo Luna PT1 D50 v nejv\u011bt\u0161\u00edm proveden\u00ed ve tvaru krychle o velikosti 50 cm. Difuzor je vyroben z matn\u00e9ho b\u00edl\u00e9ho plastu, kter\u00fd p\u0159\u00edjemn\u011b rozptyluje sv\u011btlo. Sv\u00edtidlo je osazeno patic\u00ed E27 pro \u017e\u00e1rovku o maxim\u00e1ln\u00edm p\u0159\u00edkonu 1 x 60 W, kter\u00e1 nen\u00ed dod\u00e1v\u00e1na v balen\u00ed. Pro \u00fasporu el. energie doporu\u010dujeme pou\u017eit\u00ed [&hellip;]","og_url":"https:\/\/www.oknobuild.com\/index.php\/produkt\/znackovy-venkovni-stojaci-lampa-ideal-lux-luna-pt1-d50-191607-bila-50cm-ideallux-76305\/","og_image":[{"width":425,"height":425,"url":"https:\/\/www.oknobuild.com\/wp-content\/uploads\/2026\/SK0015981-CZ20260425-091535-0-1777079743-ILUX-191607.webp","type":"image\/webp"}],"twitter_card":"summary_large_image","twitter_misc":{"Odhadovan\u00e1 doba \u010dten\u00ed":"1 minuta"},"schema":{"@context":"https:\/\/schema.org","@graph":[{"@type":"WebPage","@id":"https:\/\/www.oknobuild.com\/index.php\/produkt\/znackovy-venkovni-stojaci-lampa-ideal-lux-luna-pt1-d50-191607-bila-50cm-ideallux-76305\/","url":"https:\/\/www.oknobuild.com\/index.php\/produkt\/znackovy-venkovni-stojaci-lampa-ideal-lux-luna-pt1-d50-191607-bila-50cm-ideallux-76305\/","name":"Zna\u010dkov\u00fd Venkovn\u00ed stojac\u00ed lampa Ideal Lux Luna PT1 D50 191607 b\u00edl\u00e1 50cm - IDEALLUX -","isPartOf":{"@id":"https:\/\/www.oknobuild.com\/#website"},"primaryImageOfPage":{"@id":"https:\/\/www.oknobuild.com\/index.php\/produkt\/znackovy-venkovni-stojaci-lampa-ideal-lux-luna-pt1-d50-191607-bila-50cm-ideallux-76305\/#primaryimage"},"image":{"@id":"https:\/\/www.oknobuild.com\/index.php\/produkt\/znackovy-venkovni-stojaci-lampa-ideal-lux-luna-pt1-d50-191607-bila-50cm-ideallux-76305\/#primaryimage"},"thumbnailUrl":"https:\/\/www.oknobuild.com\/wp-content\/uploads\/2026\/SK0015981-CZ20260425-091535-0-1777079743-ILUX-191607.webp","datePublished":"2026-04-27T04:44:03+00:00","breadcrumb":{"@id":"https:\/\/www.oknobuild.com\/index.php\/produkt\/znackovy-venkovni-stojaci-lampa-ideal-lux-luna-pt1-d50-191607-bila-50cm-ideallux-76305\/#breadcrumb"},"inLanguage":"cs","potentialAction":[{"@type":"ReadAction","target":["https:\/\/www.oknobuild.com\/index.php\/produkt\/znackovy-venkovni-stojaci-lampa-ideal-lux-luna-pt1-d50-191607-bila-50cm-ideallux-76305\/"]}]},{"@type":"ImageObject","inLanguage":"cs","@id":"https:\/\/www.oknobuild.com\/index.php\/produkt\/znackovy-venkovni-stojaci-lampa-ideal-lux-luna-pt1-d50-191607-bila-50cm-ideallux-76305\/#primaryimage","url":"https:\/\/www.oknobuild.com\/wp-content\/uploads\/2026\/SK0015981-CZ20260425-091535-0-1777079743-ILUX-191607.webp","contentUrl":"https:\/\/www.oknobuild.com\/wp-content\/uploads\/2026\/SK0015981-CZ20260425-091535-0-1777079743-ILUX-191607.webp","width":425,"height":425},{"@type":"BreadcrumbList","@id":"https:\/\/www.oknobuild.com\/index.php\/produkt\/znackovy-venkovni-stojaci-lampa-ideal-lux-luna-pt1-d50-191607-bila-50cm-ideallux-76305\/#breadcrumb","itemListElement":[{"@type":"ListItem","position":1,"name":"Home","item":"https:\/\/www.oknobuild.com\/"},{"@type":"ListItem","position":2,"name":"Products","item":"https:\/\/www.oknobuild.com\/index.php\/products\/"},{"@type":"ListItem","position":3,"name":"Zna\u010dkov\u00fd Venkovn\u00ed stojac\u00ed lampa Ideal Lux Luna PT1 D50 191607 b\u00edl\u00e1 50cm &#8211; IDEALLUX"}]},{"@type":"WebSite","@id":"https:\/\/www.oknobuild.com\/#website","url":"https:\/\/www.oknobuild.com\/","name":"","description":"","potentialAction":[{"@type":"SearchAction","target":{"@type":"EntryPoint","urlTemplate":"https:\/\/www.oknobuild.com\/?s={search_term_string}"},"query-input":{"@type":"PropertyValueSpecification","valueRequired":true,"valueName":"search_term_string"}}],"inLanguage":"cs"}]}},"_links":{"self":[{"href":"https:\/\/www.oknobuild.com\/index.php\/wp-json\/wp\/v2\/product\/76305","targetHints":{"allow":["GET"]}}],"collection":[{"href":"https:\/\/www.oknobuild.com\/index.php\/wp-json\/wp\/v2\/product"}],"about":[{"href":"https:\/\/www.oknobuild.com\/index.php\/wp-json\/wp\/v2\/types\/product"}],"replies":[{"embeddable":true,"href":"https:\/\/www.oknobuild.com\/index.php\/wp-json\/wp\/v2\/comments?post=76305"}],"wp:featuredmedia":[{"embeddable":true,"href":"https:\/\/www.oknobuild.com\/index.php\/wp-json\/wp\/v2\/media\/76405"}],"wp:attachment":[{"href":"https:\/\/www.oknobuild.com\/index.php\/wp-json\/wp\/v2\/media?parent=76305"}],"wp:term":[{"taxonomy":"product_brand","embeddable":true,"href":"https:\/\/www.oknobuild.com\/index.php\/wp-json\/wp\/v2\/product_brand?post=76305"},{"taxonomy":"product_cat","embeddable":true,"href":"https:\/\/www.oknobuild.com\/index.php\/wp-json\/wp\/v2\/product_cat?post=76305"},{"taxonomy":"product_tag","embeddable":true,"href":"https:\/\/www.oknobuild.com\/index.php\/wp-json\/wp\/v2\/product_tag?post=76305"}],"curies":[{"name":"wp","href":"https:\/\/api.w.org\/{rel}","templated":true}]}}