{"id":7709,"date":"2026-04-27T04:40:51","date_gmt":"2026-04-27T04:40:51","guid":{"rendered":""},"modified":"2026-04-27T04:40:51","modified_gmt":"2026-04-27T04:40:51","slug":"nizka-cena-kaufmann-17-016-06-str-17-014-06-hladici-oboustranna-sterka-6mm-280x130x0-75mm-7709","status":"publish","type":"product","link":"https:\/\/www.oknobuild.com\/index.php\/produkt\/nizka-cena-kaufmann-17-016-06-str-17-014-06-hladici-oboustranna-sterka-6mm-280x130x0-75mm-7709\/","title":{"rendered":"N\u00edzk\u00e1 Cena Kaufmann 17.016.06\/STR 17.014.06 hlad\u00edc\u00ed oboustrann\u00e1 st\u011brka 6mm\/280x130x0,75mm"},"content":{"rendered":"<table>\n<div class=\"tab-pane active product-description\" id=\"popis\" role=\"tabpanel\">\n<div class=\"short-description\" itemprop=\"description\"><\/div>\n<div class=\"description\"><span class='bullet-line'>zoubkovan\u00fd na obou stran\u00e1ch, dlouh\u00fd hlin\u00edkov\u00fd most.<\/span><\/div>\n<\/table>\n","protected":false},"excerpt":{"rendered":"<p>zoubkovan\u00fd na obou stran\u00e1ch, dlouh\u00fd hlin\u00edkov\u00fd most.<\/p>\n","protected":false},"featured_media":7809,"comment_status":"open","ping_status":"open","template":"","meta":[],"product_brand":[],"product_cat":[46],"product_tag":[],"class_list":{"0":"post-7709","1":"product","2":"type-product","3":"status-publish","4":"has-post-thumbnail","6":"product_cat-stavebni-technika","8":"first","9":"instock","10":"sale","11":"shipping-taxable","12":"purchasable","13":"product-type-simple"},"yoast_head":"<!-- This site is optimized with the Yoast SEO plugin v26.8 - https:\/\/yoast.com\/product\/yoast-seo-wordpress\/ -->\n<title>N\u00edzk\u00e1 Cena Kaufmann 17.016.06\/STR 17.014.06 hlad\u00edc\u00ed oboustrann\u00e1 st\u011brka 6mm\/280x130x0,75mm -<\/title>\n<meta name=\"robots\" content=\"index, follow, max-snippet:-1, max-image-preview:large, max-video-preview:-1\" \/>\n<link rel=\"canonical\" href=\"https:\/\/www.oknobuild.com\/index.php\/produkt\/nizka-cena-kaufmann-17-016-06-str-17-014-06-hladici-oboustranna-sterka-6mm-280x130x0-75mm-7709\/\" \/>\n<meta property=\"og:locale\" content=\"cs_CZ\" \/>\n<meta property=\"og:type\" content=\"article\" \/>\n<meta property=\"og:title\" content=\"N\u00edzk\u00e1 Cena Kaufmann 17.016.06\/STR 17.014.06 hlad\u00edc\u00ed oboustrann\u00e1 st\u011brka 6mm\/280x130x0,75mm -\" \/>\n<meta property=\"og:description\" content=\"zoubkovan\u00fd na obou stran\u00e1ch, dlouh\u00fd hlin\u00edkov\u00fd most.\" \/>\n<meta property=\"og:url\" content=\"https:\/\/www.oknobuild.com\/index.php\/produkt\/nizka-cena-kaufmann-17-016-06-str-17-014-06-hladici-oboustranna-sterka-6mm-280x130x0-75mm-7709\/\" \/>\n<meta property=\"og:image\" content=\"https:\/\/www.oknobuild.com\/wp-content\/uploads\/2026\/SK0018557-CZ20260425-092328-0-1777080210-208190-1_142941.webp\" \/>\n\t<meta property=\"og:image:width\" content=\"800\" \/>\n\t<meta property=\"og:image:height\" content=\"800\" \/>\n\t<meta property=\"og:image:type\" content=\"image\/webp\" \/>\n<meta name=\"twitter:card\" content=\"summary_large_image\" \/>\n<script type=\"application\/ld+json\" class=\"yoast-schema-graph\">{\"@context\":\"https:\/\/schema.org\",\"@graph\":[{\"@type\":\"WebPage\",\"@id\":\"https:\/\/www.oknobuild.com\/index.php\/produkt\/nizka-cena-kaufmann-17-016-06-str-17-014-06-hladici-oboustranna-sterka-6mm-280x130x0-75mm-7709\/\",\"url\":\"https:\/\/www.oknobuild.com\/index.php\/produkt\/nizka-cena-kaufmann-17-016-06-str-17-014-06-hladici-oboustranna-sterka-6mm-280x130x0-75mm-7709\/\",\"name\":\"N\u00edzk\u00e1 Cena Kaufmann 17.016.06\/STR 17.014.06 hlad\u00edc\u00ed oboustrann\u00e1 st\u011brka 6mm\/280x130x0,75mm -\",\"isPartOf\":{\"@id\":\"https:\/\/www.oknobuild.com\/#website\"},\"primaryImageOfPage\":{\"@id\":\"https:\/\/www.oknobuild.com\/index.php\/produkt\/nizka-cena-kaufmann-17-016-06-str-17-014-06-hladici-oboustranna-sterka-6mm-280x130x0-75mm-7709\/#primaryimage\"},\"image\":{\"@id\":\"https:\/\/www.oknobuild.com\/index.php\/produkt\/nizka-cena-kaufmann-17-016-06-str-17-014-06-hladici-oboustranna-sterka-6mm-280x130x0-75mm-7709\/#primaryimage\"},\"thumbnailUrl\":\"https:\/\/www.oknobuild.com\/wp-content\/uploads\/2026\/SK0018557-CZ20260425-092328-0-1777080210-208190-1_142941.webp\",\"datePublished\":\"2026-04-27T04:40:51+00:00\",\"breadcrumb\":{\"@id\":\"https:\/\/www.oknobuild.com\/index.php\/produkt\/nizka-cena-kaufmann-17-016-06-str-17-014-06-hladici-oboustranna-sterka-6mm-280x130x0-75mm-7709\/#breadcrumb\"},\"inLanguage\":\"cs\",\"potentialAction\":[{\"@type\":\"ReadAction\",\"target\":[\"https:\/\/www.oknobuild.com\/index.php\/produkt\/nizka-cena-kaufmann-17-016-06-str-17-014-06-hladici-oboustranna-sterka-6mm-280x130x0-75mm-7709\/\"]}]},{\"@type\":\"ImageObject\",\"inLanguage\":\"cs\",\"@id\":\"https:\/\/www.oknobuild.com\/index.php\/produkt\/nizka-cena-kaufmann-17-016-06-str-17-014-06-hladici-oboustranna-sterka-6mm-280x130x0-75mm-7709\/#primaryimage\",\"url\":\"https:\/\/www.oknobuild.com\/wp-content\/uploads\/2026\/SK0018557-CZ20260425-092328-0-1777080210-208190-1_142941.webp\",\"contentUrl\":\"https:\/\/www.oknobuild.com\/wp-content\/uploads\/2026\/SK0018557-CZ20260425-092328-0-1777080210-208190-1_142941.webp\",\"width\":800,\"height\":800},{\"@type\":\"BreadcrumbList\",\"@id\":\"https:\/\/www.oknobuild.com\/index.php\/produkt\/nizka-cena-kaufmann-17-016-06-str-17-014-06-hladici-oboustranna-sterka-6mm-280x130x0-75mm-7709\/#breadcrumb\",\"itemListElement\":[{\"@type\":\"ListItem\",\"position\":1,\"name\":\"Home\",\"item\":\"https:\/\/www.oknobuild.com\/\"},{\"@type\":\"ListItem\",\"position\":2,\"name\":\"Products\",\"item\":\"https:\/\/www.oknobuild.com\/index.php\/products\/\"},{\"@type\":\"ListItem\",\"position\":3,\"name\":\"N\u00edzk\u00e1 Cena Kaufmann 17.016.06\/STR 17.014.06 hlad\u00edc\u00ed oboustrann\u00e1 st\u011brka 6mm\/280x130x0,75mm\"}]},{\"@type\":\"WebSite\",\"@id\":\"https:\/\/www.oknobuild.com\/#website\",\"url\":\"https:\/\/www.oknobuild.com\/\",\"name\":\"\",\"description\":\"\",\"potentialAction\":[{\"@type\":\"SearchAction\",\"target\":{\"@type\":\"EntryPoint\",\"urlTemplate\":\"https:\/\/www.oknobuild.com\/?s={search_term_string}\"},\"query-input\":{\"@type\":\"PropertyValueSpecification\",\"valueRequired\":true,\"valueName\":\"search_term_string\"}}],\"inLanguage\":\"cs\"}]}<\/script>\n<!-- \/ Yoast SEO plugin. -->","yoast_head_json":{"title":"N\u00edzk\u00e1 Cena Kaufmann 17.016.06\/STR 17.014.06 hlad\u00edc\u00ed oboustrann\u00e1 st\u011brka 6mm\/280x130x0,75mm -","robots":{"index":"index","follow":"follow","max-snippet":"max-snippet:-1","max-image-preview":"max-image-preview:large","max-video-preview":"max-video-preview:-1"},"canonical":"https:\/\/www.oknobuild.com\/index.php\/produkt\/nizka-cena-kaufmann-17-016-06-str-17-014-06-hladici-oboustranna-sterka-6mm-280x130x0-75mm-7709\/","og_locale":"cs_CZ","og_type":"article","og_title":"N\u00edzk\u00e1 Cena Kaufmann 17.016.06\/STR 17.014.06 hlad\u00edc\u00ed oboustrann\u00e1 st\u011brka 6mm\/280x130x0,75mm -","og_description":"zoubkovan\u00fd na obou stran\u00e1ch, dlouh\u00fd hlin\u00edkov\u00fd most.","og_url":"https:\/\/www.oknobuild.com\/index.php\/produkt\/nizka-cena-kaufmann-17-016-06-str-17-014-06-hladici-oboustranna-sterka-6mm-280x130x0-75mm-7709\/","og_image":[{"width":800,"height":800,"url":"https:\/\/www.oknobuild.com\/wp-content\/uploads\/2026\/SK0018557-CZ20260425-092328-0-1777080210-208190-1_142941.webp","type":"image\/webp"}],"twitter_card":"summary_large_image","schema":{"@context":"https:\/\/schema.org","@graph":[{"@type":"WebPage","@id":"https:\/\/www.oknobuild.com\/index.php\/produkt\/nizka-cena-kaufmann-17-016-06-str-17-014-06-hladici-oboustranna-sterka-6mm-280x130x0-75mm-7709\/","url":"https:\/\/www.oknobuild.com\/index.php\/produkt\/nizka-cena-kaufmann-17-016-06-str-17-014-06-hladici-oboustranna-sterka-6mm-280x130x0-75mm-7709\/","name":"N\u00edzk\u00e1 Cena Kaufmann 17.016.06\/STR 17.014.06 hlad\u00edc\u00ed oboustrann\u00e1 st\u011brka 6mm\/280x130x0,75mm -","isPartOf":{"@id":"https:\/\/www.oknobuild.com\/#website"},"primaryImageOfPage":{"@id":"https:\/\/www.oknobuild.com\/index.php\/produkt\/nizka-cena-kaufmann-17-016-06-str-17-014-06-hladici-oboustranna-sterka-6mm-280x130x0-75mm-7709\/#primaryimage"},"image":{"@id":"https:\/\/www.oknobuild.com\/index.php\/produkt\/nizka-cena-kaufmann-17-016-06-str-17-014-06-hladici-oboustranna-sterka-6mm-280x130x0-75mm-7709\/#primaryimage"},"thumbnailUrl":"https:\/\/www.oknobuild.com\/wp-content\/uploads\/2026\/SK0018557-CZ20260425-092328-0-1777080210-208190-1_142941.webp","datePublished":"2026-04-27T04:40:51+00:00","breadcrumb":{"@id":"https:\/\/www.oknobuild.com\/index.php\/produkt\/nizka-cena-kaufmann-17-016-06-str-17-014-06-hladici-oboustranna-sterka-6mm-280x130x0-75mm-7709\/#breadcrumb"},"inLanguage":"cs","potentialAction":[{"@type":"ReadAction","target":["https:\/\/www.oknobuild.com\/index.php\/produkt\/nizka-cena-kaufmann-17-016-06-str-17-014-06-hladici-oboustranna-sterka-6mm-280x130x0-75mm-7709\/"]}]},{"@type":"ImageObject","inLanguage":"cs","@id":"https:\/\/www.oknobuild.com\/index.php\/produkt\/nizka-cena-kaufmann-17-016-06-str-17-014-06-hladici-oboustranna-sterka-6mm-280x130x0-75mm-7709\/#primaryimage","url":"https:\/\/www.oknobuild.com\/wp-content\/uploads\/2026\/SK0018557-CZ20260425-092328-0-1777080210-208190-1_142941.webp","contentUrl":"https:\/\/www.oknobuild.com\/wp-content\/uploads\/2026\/SK0018557-CZ20260425-092328-0-1777080210-208190-1_142941.webp","width":800,"height":800},{"@type":"BreadcrumbList","@id":"https:\/\/www.oknobuild.com\/index.php\/produkt\/nizka-cena-kaufmann-17-016-06-str-17-014-06-hladici-oboustranna-sterka-6mm-280x130x0-75mm-7709\/#breadcrumb","itemListElement":[{"@type":"ListItem","position":1,"name":"Home","item":"https:\/\/www.oknobuild.com\/"},{"@type":"ListItem","position":2,"name":"Products","item":"https:\/\/www.oknobuild.com\/index.php\/products\/"},{"@type":"ListItem","position":3,"name":"N\u00edzk\u00e1 Cena Kaufmann 17.016.06\/STR 17.014.06 hlad\u00edc\u00ed oboustrann\u00e1 st\u011brka 6mm\/280x130x0,75mm"}]},{"@type":"WebSite","@id":"https:\/\/www.oknobuild.com\/#website","url":"https:\/\/www.oknobuild.com\/","name":"","description":"","potentialAction":[{"@type":"SearchAction","target":{"@type":"EntryPoint","urlTemplate":"https:\/\/www.oknobuild.com\/?s={search_term_string}"},"query-input":{"@type":"PropertyValueSpecification","valueRequired":true,"valueName":"search_term_string"}}],"inLanguage":"cs"}]}},"_links":{"self":[{"href":"https:\/\/www.oknobuild.com\/index.php\/wp-json\/wp\/v2\/product\/7709","targetHints":{"allow":["GET"]}}],"collection":[{"href":"https:\/\/www.oknobuild.com\/index.php\/wp-json\/wp\/v2\/product"}],"about":[{"href":"https:\/\/www.oknobuild.com\/index.php\/wp-json\/wp\/v2\/types\/product"}],"replies":[{"embeddable":true,"href":"https:\/\/www.oknobuild.com\/index.php\/wp-json\/wp\/v2\/comments?post=7709"}],"wp:featuredmedia":[{"embeddable":true,"href":"https:\/\/www.oknobuild.com\/index.php\/wp-json\/wp\/v2\/media\/7809"}],"wp:attachment":[{"href":"https:\/\/www.oknobuild.com\/index.php\/wp-json\/wp\/v2\/media?parent=7709"}],"wp:term":[{"taxonomy":"product_brand","embeddable":true,"href":"https:\/\/www.oknobuild.com\/index.php\/wp-json\/wp\/v2\/product_brand?post=7709"},{"taxonomy":"product_cat","embeddable":true,"href":"https:\/\/www.oknobuild.com\/index.php\/wp-json\/wp\/v2\/product_cat?post=7709"},{"taxonomy":"product_tag","embeddable":true,"href":"https:\/\/www.oknobuild.com\/index.php\/wp-json\/wp\/v2\/product_tag?post=7709"}],"curies":[{"name":"wp","href":"https:\/\/api.w.org\/{rel}","templated":true}]}}