{"id":77732,"date":"2026-04-27T04:44:07","date_gmt":"2026-04-27T04:44:07","guid":{"rendered":""},"modified":"2026-04-27T04:44:07","modified_gmt":"2026-04-27T04:44:07","slug":"zlevneny-led-zavesne-svitidlo-ideal-lux-oracle-slim-d70-square-bk-3000k-259185-41w-3300lm-3000k-ip20-70cm-hranate-cerne-ideallux-77732","status":"publish","type":"product","link":"https:\/\/www.oknobuild.com\/index.php\/produkt\/zlevneny-led-zavesne-svitidlo-ideal-lux-oracle-slim-d70-square-bk-3000k-259185-41w-3300lm-3000k-ip20-70cm-hranate-cerne-ideallux-77732\/","title":{"rendered":"Zlevn\u011bn\u00fd LED Z\u00e1v\u011bsn\u00e9 sv\u00edtidlo Ideal Lux ORACLE SLIM D70 SQUARE BK 3000K 259185 41W 3300lm 3000K IP20 70cm hranat\u00e9 \u010dern\u00e9 &#8211; IDEALLUX"},"content":{"rendered":"<h3 class=\"product-h3\">Popis produktu<\/h3>\n<p>Modern\u00ed z\u00e1v\u011bsn\u00fd lustr Oracle Slim D70 Square z kolekce interi\u00e9rov\u00e9ho osv\u011btlen\u00ed italsk\u00e9 zna\u010dky Ideal Lux je st\u0159edn\u011b velkou variantou t\u00e9to rodinky a je vhodn\u00fd pro osv\u00edcen\u00ed velk\u00fdch m\u00edstnost\u00ed, jako jsou ob\u00fdvac\u00ed pokoje, kuchyn\u011b, j\u00eddelny, pracovny, zasedac\u00ed m\u00edstnosti \u010di kancel\u00e1\u0159e. Jeho tenk\u00fd \u010dtvercov\u00fd design p\u016fsob\u00ed jednodu\u0161e, ale za to modern\u011b a prakticky. Hranat\u00e1 z\u00e1kladna o rozm\u011brech 23 x 6,5 cm a r\u00e1m sv\u00edtidla o d\u00e9lce jedn\u00e9 strany 70 cm a v\u00fd\u0161ce pouh\u00fdch 2,5 cm jsou vyrobeny z kvalitn\u00edho hlin\u00edku s matn\u011b \u010dernou lakovanou povrchovou \u00fapravou. Z jeho horn\u00ed \u010d\u00e1sti vedou 3 z\u00e1v\u011bsn\u00e1 lanka, v\u00fd\u0161kov\u011b nastaviteln\u00e1 od 9 cm do 205 cm d\u00e9lky, kter\u00e9 se p\u0159ipev\u0148uj\u00ed p\u0159\u00edmo ke stropu. Ze z\u00e1kladny je veden \u010dir\u00fd p\u0159\u00edvodn\u00ed kabel z PVC. Difuzor je plastov\u00fd v op\u00e1lov\u00e9 barv\u011b a je v n\u011bm integrovan\u00fd LED zdroj s p\u0159\u00edkonem 1 x 41 W se sv\u00edtivost\u00ed a\u017e 3300lm a teplotou chromati\u010dnosti 3000K (neutr\u00e1ln\u00ed \u017elut\u00e9 sv\u011btlo), jeho\u017e v\u00fdhodou je dlouh\u00e1 doba \u017eivotnosti a\u017e 17 500 hodin. Svit je vyza\u0159ov\u00e1n v \u00fahlu 115 stup\u0148\u016f. Kryt\u00ed IP20 je ur\u010deno pro vnit\u0159n\u00ed mont\u00e1\u017e. Celkov\u00e9 rozm\u011bry sv\u00edtidla \u010din\u00ed 205 x 70 x 70 cm. Je nap\u00e1jeno ze s\u00edt\u011b na 220-240V (trafo ON\/OFF je sou\u010d\u00e1st\u00ed a nelze jej vym\u011bnit). Na sv\u00edtidlo se vztahuje z\u00e1ruka 3 roky.<\/p>\n<\/p><\/div>\n<\/p><\/div>\n<p><\/p>\n<div class=\"top-params\">\n<h3 class=\"product-h3 collapse-header \" data-toggle=\"collapse\" data-target=\"#collapseOne\" aria-expanded=\"true\" aria-controls=\"collapseOne\">Parametry<\/h3>\n<div id=\"collapseOne\" class=\"collapse show\" aria-labelledby=\"headingOne\" data-parent=\"#product-info-accordion1\">\n<table class=\"table-striped\">\n<tr>\n<td>                V\u00fd\u0161ka v mm            <\/td>\n<td>                2025            <\/td>\n<\/tr>\n<tr>\n<td>                T\u0159\u00edda ochrany            <\/td>\n<td>                II            <\/td>\n<\/tr>\n<tr>\n<td>                \u00dahel z\u00e1\u0159en\u00ed            <\/td>\n<td>                115\u00b0            <\/td>\n<\/tr>\n<tr>\n<td>                \u017divotnost            <\/td>\n<td>                17500 hodin            <\/td>\n<\/tr>\n<tr>\n<td>                Hmotnost g            <\/td>\n<td>                2000            <\/td>\n<\/tr>\n<tr>\n<td>                Energetick\u00e1 \u00fa\u010dinnost            <\/td>\n<td>                E            <\/td>\n<\/tr>\n<tr>\n<td>                Index pod\u00e1n\u00ed barev            <\/td>\n<td>                80            <\/td>\n<\/tr>\n<tr>\n<td>                \u0160\u00ed\u0159ka v mm            <\/td>\n<td>                700            <\/td>\n<\/tr>\n<tr>\n<td>                D\u00e9lka v mm            <\/td>\n<td>                700            <\/td>\n<\/tr>\n<tr>\n<td>                Ochrana IP            <\/td>\n<td>                IP20            <\/td>\n<\/tr>\n<tr>\n<td>                Sv\u011bteln\u00fd tok            <\/td>\n<td>                4350lm            <\/td>\n<\/tr>\n<tr>\n<td>                Teplota barvy sv\u011btla            <\/td>\n<td>                3000K            <\/td>\n<\/tr>\n<tr>\n<td>                Max. p\u0159\u00edkon sv\u011bteln\u00e9ho zdroje            <\/td>\n<td>                41W            <\/td>\n<\/tr>\n<tr>\n<td>                V\u00fdkon            <\/td>\n<td>                41W            <\/td>\n<\/tr>\n<tr>\n<td>                Patice            <\/td>\n<td>                LED            <\/td>\n<\/tr>\n<tr>\n<td>                V\u010detn\u011b sv\u011bteln\u00e9ho zdroje            <\/td>\n<td>                ano            <\/td>\n<\/tr>\n<tr>\n<td>                Barva            <\/td>\n<td>                \u010dern\u00e1            <\/td>\n<\/tr>\n<tr>\n<td>                Po\u010det sv\u011bteln\u00fdch zdroj\u016f            <\/td>\n<td>                1            <\/td>\n<\/tr>\n<tr>\n<td>                V\u00fdrobce            <\/td>\n<td>                IDEALLUX            <\/td>\n<\/tr>\n<tr>\n<td>                Typ sv\u011bteln\u00e9ho zdroje            <\/td>\n<td>                LED            <\/td>\n<\/tr>\n<tr>\n<td>                Nap\u00e1jec\u00ed nap\u011bt\u00ed            <\/td>\n<td>                220-240V            <\/td>\n<\/tr>\n<tr>\n<td>                Materi\u00e1l            <\/td>\n<td>                hlin\u00edk\/plast            <\/td>\n<\/tr>\n<tr>\n<td>                Kolekce            <\/td>\n<td>                ORACLE SLIM            <\/td>\n<\/tr>\n<tr>\n<td>                U v\u00fdrobce dostupn\u00fdch            <\/td>\n<td>                288                    ks            <\/td>\n<\/tr>\n<\/table>\n<\/div><\/div>\n<\/div>\n<div class=\"accordion\" id=\"product-info-accordion2\">\n","protected":false},"excerpt":{"rendered":"<p>Popis produktu Modern\u00ed z\u00e1v\u011bsn\u00fd lustr Oracle Slim D70 Square z kolekce interi\u00e9rov\u00e9ho osv\u011btlen\u00ed italsk\u00e9 zna\u010dky Ideal Lux je st\u0159edn\u011b velkou variantou t\u00e9to rodinky a je vhodn\u00fd pro osv\u00edcen\u00ed velk\u00fdch m\u00edstnost\u00ed, jako jsou ob\u00fdvac\u00ed pokoje, kuchyn\u011b, j\u00eddelny, pracovny, zasedac\u00ed m\u00edstnosti \u010di kancel\u00e1\u0159e. Jeho tenk\u00fd \u010dtvercov\u00fd design p\u016fsob\u00ed jednodu\u0161e, ale za to modern\u011b a prakticky. Hranat\u00e1 z\u00e1kladna [&hellip;]<\/p>\n","protected":false},"featured_media":77832,"comment_status":"open","ping_status":"open","template":"","meta":[],"product_brand":[],"product_cat":[32],"product_tag":[],"class_list":{"0":"post-77732","1":"product","2":"type-product","3":"status-publish","4":"has-post-thumbnail","6":"product_cat-interierova-svitidla","8":"first","9":"instock","10":"sale","11":"shipping-taxable","12":"purchasable","13":"product-type-simple"},"yoast_head":"<!-- This site is optimized with the Yoast SEO plugin v26.8 - https:\/\/yoast.com\/product\/yoast-seo-wordpress\/ -->\n<title>Zlevn\u011bn\u00fd LED Z\u00e1v\u011bsn\u00e9 sv\u00edtidlo Ideal Lux ORACLE SLIM D70 SQUARE BK 3000K 259185 41W 3300lm 3000K IP20 70cm hranat\u00e9 \u010dern\u00e9 - IDEALLUX -<\/title>\n<meta name=\"robots\" content=\"index, follow, max-snippet:-1, max-image-preview:large, max-video-preview:-1\" \/>\n<link rel=\"canonical\" href=\"https:\/\/www.oknobuild.com\/index.php\/produkt\/zlevneny-led-zavesne-svitidlo-ideal-lux-oracle-slim-d70-square-bk-3000k-259185-41w-3300lm-3000k-ip20-70cm-hranate-cerne-ideallux-77732\/\" \/>\n<meta property=\"og:locale\" content=\"cs_CZ\" \/>\n<meta property=\"og:type\" content=\"article\" \/>\n<meta property=\"og:title\" content=\"Zlevn\u011bn\u00fd LED Z\u00e1v\u011bsn\u00e9 sv\u00edtidlo Ideal Lux ORACLE SLIM D70 SQUARE BK 3000K 259185 41W 3300lm 3000K IP20 70cm hranat\u00e9 \u010dern\u00e9 - IDEALLUX -\" \/>\n<meta property=\"og:description\" content=\"Popis produktu Modern\u00ed z\u00e1v\u011bsn\u00fd lustr Oracle Slim D70 Square z kolekce interi\u00e9rov\u00e9ho osv\u011btlen\u00ed italsk\u00e9 zna\u010dky Ideal Lux je st\u0159edn\u011b velkou variantou t\u00e9to rodinky a je vhodn\u00fd pro osv\u00edcen\u00ed velk\u00fdch m\u00edstnost\u00ed, jako jsou ob\u00fdvac\u00ed pokoje, kuchyn\u011b, j\u00eddelny, pracovny, zasedac\u00ed m\u00edstnosti \u010di kancel\u00e1\u0159e. Jeho tenk\u00fd \u010dtvercov\u00fd design p\u016fsob\u00ed jednodu\u0161e, ale za to modern\u011b a prakticky. Hranat\u00e1 z\u00e1kladna [&hellip;]\" \/>\n<meta property=\"og:url\" content=\"https:\/\/www.oknobuild.com\/index.php\/produkt\/zlevneny-led-zavesne-svitidlo-ideal-lux-oracle-slim-d70-square-bk-3000k-259185-41w-3300lm-3000k-ip20-70cm-hranate-cerne-ideallux-77732\/\" \/>\n<meta property=\"og:image\" content=\"https:\/\/www.oknobuild.com\/wp-content\/uploads\/2026\/SK0016736-CZ20260425-091535-0-1777079743-ILUX-259185.webp\" \/>\n\t<meta property=\"og:image:width\" content=\"480\" \/>\n\t<meta property=\"og:image:height\" content=\"480\" \/>\n\t<meta property=\"og:image:type\" content=\"image\/webp\" \/>\n<meta name=\"twitter:card\" content=\"summary_large_image\" \/>\n<meta name=\"twitter:label1\" content=\"Odhadovan\u00e1 doba \u010dten\u00ed\" \/>\n\t<meta name=\"twitter:data1\" content=\"2 minuty\" \/>\n<script type=\"application\/ld+json\" class=\"yoast-schema-graph\">{\"@context\":\"https:\/\/schema.org\",\"@graph\":[{\"@type\":\"WebPage\",\"@id\":\"https:\/\/www.oknobuild.com\/index.php\/produkt\/zlevneny-led-zavesne-svitidlo-ideal-lux-oracle-slim-d70-square-bk-3000k-259185-41w-3300lm-3000k-ip20-70cm-hranate-cerne-ideallux-77732\/\",\"url\":\"https:\/\/www.oknobuild.com\/index.php\/produkt\/zlevneny-led-zavesne-svitidlo-ideal-lux-oracle-slim-d70-square-bk-3000k-259185-41w-3300lm-3000k-ip20-70cm-hranate-cerne-ideallux-77732\/\",\"name\":\"Zlevn\u011bn\u00fd LED Z\u00e1v\u011bsn\u00e9 sv\u00edtidlo Ideal Lux ORACLE SLIM D70 SQUARE BK 3000K 259185 41W 3300lm 3000K IP20 70cm hranat\u00e9 \u010dern\u00e9 - IDEALLUX -\",\"isPartOf\":{\"@id\":\"https:\/\/www.oknobuild.com\/#website\"},\"primaryImageOfPage\":{\"@id\":\"https:\/\/www.oknobuild.com\/index.php\/produkt\/zlevneny-led-zavesne-svitidlo-ideal-lux-oracle-slim-d70-square-bk-3000k-259185-41w-3300lm-3000k-ip20-70cm-hranate-cerne-ideallux-77732\/#primaryimage\"},\"image\":{\"@id\":\"https:\/\/www.oknobuild.com\/index.php\/produkt\/zlevneny-led-zavesne-svitidlo-ideal-lux-oracle-slim-d70-square-bk-3000k-259185-41w-3300lm-3000k-ip20-70cm-hranate-cerne-ideallux-77732\/#primaryimage\"},\"thumbnailUrl\":\"https:\/\/www.oknobuild.com\/wp-content\/uploads\/2026\/SK0016736-CZ20260425-091535-0-1777079743-ILUX-259185.webp\",\"datePublished\":\"2026-04-27T04:44:07+00:00\",\"breadcrumb\":{\"@id\":\"https:\/\/www.oknobuild.com\/index.php\/produkt\/zlevneny-led-zavesne-svitidlo-ideal-lux-oracle-slim-d70-square-bk-3000k-259185-41w-3300lm-3000k-ip20-70cm-hranate-cerne-ideallux-77732\/#breadcrumb\"},\"inLanguage\":\"cs\",\"potentialAction\":[{\"@type\":\"ReadAction\",\"target\":[\"https:\/\/www.oknobuild.com\/index.php\/produkt\/zlevneny-led-zavesne-svitidlo-ideal-lux-oracle-slim-d70-square-bk-3000k-259185-41w-3300lm-3000k-ip20-70cm-hranate-cerne-ideallux-77732\/\"]}]},{\"@type\":\"ImageObject\",\"inLanguage\":\"cs\",\"@id\":\"https:\/\/www.oknobuild.com\/index.php\/produkt\/zlevneny-led-zavesne-svitidlo-ideal-lux-oracle-slim-d70-square-bk-3000k-259185-41w-3300lm-3000k-ip20-70cm-hranate-cerne-ideallux-77732\/#primaryimage\",\"url\":\"https:\/\/www.oknobuild.com\/wp-content\/uploads\/2026\/SK0016736-CZ20260425-091535-0-1777079743-ILUX-259185.webp\",\"contentUrl\":\"https:\/\/www.oknobuild.com\/wp-content\/uploads\/2026\/SK0016736-CZ20260425-091535-0-1777079743-ILUX-259185.webp\",\"width\":480,\"height\":480},{\"@type\":\"BreadcrumbList\",\"@id\":\"https:\/\/www.oknobuild.com\/index.php\/produkt\/zlevneny-led-zavesne-svitidlo-ideal-lux-oracle-slim-d70-square-bk-3000k-259185-41w-3300lm-3000k-ip20-70cm-hranate-cerne-ideallux-77732\/#breadcrumb\",\"itemListElement\":[{\"@type\":\"ListItem\",\"position\":1,\"name\":\"Home\",\"item\":\"https:\/\/www.oknobuild.com\/\"},{\"@type\":\"ListItem\",\"position\":2,\"name\":\"Products\",\"item\":\"https:\/\/www.oknobuild.com\/index.php\/products\/\"},{\"@type\":\"ListItem\",\"position\":3,\"name\":\"Zlevn\u011bn\u00fd LED Z\u00e1v\u011bsn\u00e9 sv\u00edtidlo Ideal Lux ORACLE SLIM D70 SQUARE BK 3000K 259185 41W 3300lm 3000K IP20 70cm hranat\u00e9 \u010dern\u00e9 &#8211; IDEALLUX\"}]},{\"@type\":\"WebSite\",\"@id\":\"https:\/\/www.oknobuild.com\/#website\",\"url\":\"https:\/\/www.oknobuild.com\/\",\"name\":\"\",\"description\":\"\",\"potentialAction\":[{\"@type\":\"SearchAction\",\"target\":{\"@type\":\"EntryPoint\",\"urlTemplate\":\"https:\/\/www.oknobuild.com\/?s={search_term_string}\"},\"query-input\":{\"@type\":\"PropertyValueSpecification\",\"valueRequired\":true,\"valueName\":\"search_term_string\"}}],\"inLanguage\":\"cs\"}]}<\/script>\n<!-- \/ Yoast SEO plugin. -->","yoast_head_json":{"title":"Zlevn\u011bn\u00fd LED Z\u00e1v\u011bsn\u00e9 sv\u00edtidlo Ideal Lux ORACLE SLIM D70 SQUARE BK 3000K 259185 41W 3300lm 3000K IP20 70cm hranat\u00e9 \u010dern\u00e9 - IDEALLUX -","robots":{"index":"index","follow":"follow","max-snippet":"max-snippet:-1","max-image-preview":"max-image-preview:large","max-video-preview":"max-video-preview:-1"},"canonical":"https:\/\/www.oknobuild.com\/index.php\/produkt\/zlevneny-led-zavesne-svitidlo-ideal-lux-oracle-slim-d70-square-bk-3000k-259185-41w-3300lm-3000k-ip20-70cm-hranate-cerne-ideallux-77732\/","og_locale":"cs_CZ","og_type":"article","og_title":"Zlevn\u011bn\u00fd LED Z\u00e1v\u011bsn\u00e9 sv\u00edtidlo Ideal Lux ORACLE SLIM D70 SQUARE BK 3000K 259185 41W 3300lm 3000K IP20 70cm hranat\u00e9 \u010dern\u00e9 - IDEALLUX -","og_description":"Popis produktu Modern\u00ed z\u00e1v\u011bsn\u00fd lustr Oracle Slim D70 Square z kolekce interi\u00e9rov\u00e9ho osv\u011btlen\u00ed italsk\u00e9 zna\u010dky Ideal Lux je st\u0159edn\u011b velkou variantou t\u00e9to rodinky a je vhodn\u00fd pro osv\u00edcen\u00ed velk\u00fdch m\u00edstnost\u00ed, jako jsou ob\u00fdvac\u00ed pokoje, kuchyn\u011b, j\u00eddelny, pracovny, zasedac\u00ed m\u00edstnosti \u010di kancel\u00e1\u0159e. Jeho tenk\u00fd \u010dtvercov\u00fd design p\u016fsob\u00ed jednodu\u0161e, ale za to modern\u011b a prakticky. Hranat\u00e1 z\u00e1kladna [&hellip;]","og_url":"https:\/\/www.oknobuild.com\/index.php\/produkt\/zlevneny-led-zavesne-svitidlo-ideal-lux-oracle-slim-d70-square-bk-3000k-259185-41w-3300lm-3000k-ip20-70cm-hranate-cerne-ideallux-77732\/","og_image":[{"width":480,"height":480,"url":"https:\/\/www.oknobuild.com\/wp-content\/uploads\/2026\/SK0016736-CZ20260425-091535-0-1777079743-ILUX-259185.webp","type":"image\/webp"}],"twitter_card":"summary_large_image","twitter_misc":{"Odhadovan\u00e1 doba \u010dten\u00ed":"2 minuty"},"schema":{"@context":"https:\/\/schema.org","@graph":[{"@type":"WebPage","@id":"https:\/\/www.oknobuild.com\/index.php\/produkt\/zlevneny-led-zavesne-svitidlo-ideal-lux-oracle-slim-d70-square-bk-3000k-259185-41w-3300lm-3000k-ip20-70cm-hranate-cerne-ideallux-77732\/","url":"https:\/\/www.oknobuild.com\/index.php\/produkt\/zlevneny-led-zavesne-svitidlo-ideal-lux-oracle-slim-d70-square-bk-3000k-259185-41w-3300lm-3000k-ip20-70cm-hranate-cerne-ideallux-77732\/","name":"Zlevn\u011bn\u00fd LED Z\u00e1v\u011bsn\u00e9 sv\u00edtidlo Ideal Lux ORACLE SLIM D70 SQUARE BK 3000K 259185 41W 3300lm 3000K IP20 70cm hranat\u00e9 \u010dern\u00e9 - IDEALLUX -","isPartOf":{"@id":"https:\/\/www.oknobuild.com\/#website"},"primaryImageOfPage":{"@id":"https:\/\/www.oknobuild.com\/index.php\/produkt\/zlevneny-led-zavesne-svitidlo-ideal-lux-oracle-slim-d70-square-bk-3000k-259185-41w-3300lm-3000k-ip20-70cm-hranate-cerne-ideallux-77732\/#primaryimage"},"image":{"@id":"https:\/\/www.oknobuild.com\/index.php\/produkt\/zlevneny-led-zavesne-svitidlo-ideal-lux-oracle-slim-d70-square-bk-3000k-259185-41w-3300lm-3000k-ip20-70cm-hranate-cerne-ideallux-77732\/#primaryimage"},"thumbnailUrl":"https:\/\/www.oknobuild.com\/wp-content\/uploads\/2026\/SK0016736-CZ20260425-091535-0-1777079743-ILUX-259185.webp","datePublished":"2026-04-27T04:44:07+00:00","breadcrumb":{"@id":"https:\/\/www.oknobuild.com\/index.php\/produkt\/zlevneny-led-zavesne-svitidlo-ideal-lux-oracle-slim-d70-square-bk-3000k-259185-41w-3300lm-3000k-ip20-70cm-hranate-cerne-ideallux-77732\/#breadcrumb"},"inLanguage":"cs","potentialAction":[{"@type":"ReadAction","target":["https:\/\/www.oknobuild.com\/index.php\/produkt\/zlevneny-led-zavesne-svitidlo-ideal-lux-oracle-slim-d70-square-bk-3000k-259185-41w-3300lm-3000k-ip20-70cm-hranate-cerne-ideallux-77732\/"]}]},{"@type":"ImageObject","inLanguage":"cs","@id":"https:\/\/www.oknobuild.com\/index.php\/produkt\/zlevneny-led-zavesne-svitidlo-ideal-lux-oracle-slim-d70-square-bk-3000k-259185-41w-3300lm-3000k-ip20-70cm-hranate-cerne-ideallux-77732\/#primaryimage","url":"https:\/\/www.oknobuild.com\/wp-content\/uploads\/2026\/SK0016736-CZ20260425-091535-0-1777079743-ILUX-259185.webp","contentUrl":"https:\/\/www.oknobuild.com\/wp-content\/uploads\/2026\/SK0016736-CZ20260425-091535-0-1777079743-ILUX-259185.webp","width":480,"height":480},{"@type":"BreadcrumbList","@id":"https:\/\/www.oknobuild.com\/index.php\/produkt\/zlevneny-led-zavesne-svitidlo-ideal-lux-oracle-slim-d70-square-bk-3000k-259185-41w-3300lm-3000k-ip20-70cm-hranate-cerne-ideallux-77732\/#breadcrumb","itemListElement":[{"@type":"ListItem","position":1,"name":"Home","item":"https:\/\/www.oknobuild.com\/"},{"@type":"ListItem","position":2,"name":"Products","item":"https:\/\/www.oknobuild.com\/index.php\/products\/"},{"@type":"ListItem","position":3,"name":"Zlevn\u011bn\u00fd LED Z\u00e1v\u011bsn\u00e9 sv\u00edtidlo Ideal Lux ORACLE SLIM D70 SQUARE BK 3000K 259185 41W 3300lm 3000K IP20 70cm hranat\u00e9 \u010dern\u00e9 &#8211; IDEALLUX"}]},{"@type":"WebSite","@id":"https:\/\/www.oknobuild.com\/#website","url":"https:\/\/www.oknobuild.com\/","name":"","description":"","potentialAction":[{"@type":"SearchAction","target":{"@type":"EntryPoint","urlTemplate":"https:\/\/www.oknobuild.com\/?s={search_term_string}"},"query-input":{"@type":"PropertyValueSpecification","valueRequired":true,"valueName":"search_term_string"}}],"inLanguage":"cs"}]}},"_links":{"self":[{"href":"https:\/\/www.oknobuild.com\/index.php\/wp-json\/wp\/v2\/product\/77732","targetHints":{"allow":["GET"]}}],"collection":[{"href":"https:\/\/www.oknobuild.com\/index.php\/wp-json\/wp\/v2\/product"}],"about":[{"href":"https:\/\/www.oknobuild.com\/index.php\/wp-json\/wp\/v2\/types\/product"}],"replies":[{"embeddable":true,"href":"https:\/\/www.oknobuild.com\/index.php\/wp-json\/wp\/v2\/comments?post=77732"}],"wp:featuredmedia":[{"embeddable":true,"href":"https:\/\/www.oknobuild.com\/index.php\/wp-json\/wp\/v2\/media\/77832"}],"wp:attachment":[{"href":"https:\/\/www.oknobuild.com\/index.php\/wp-json\/wp\/v2\/media?parent=77732"}],"wp:term":[{"taxonomy":"product_brand","embeddable":true,"href":"https:\/\/www.oknobuild.com\/index.php\/wp-json\/wp\/v2\/product_brand?post=77732"},{"taxonomy":"product_cat","embeddable":true,"href":"https:\/\/www.oknobuild.com\/index.php\/wp-json\/wp\/v2\/product_cat?post=77732"},{"taxonomy":"product_tag","embeddable":true,"href":"https:\/\/www.oknobuild.com\/index.php\/wp-json\/wp\/v2\/product_tag?post=77732"}],"curies":[{"name":"wp","href":"https:\/\/api.w.org\/{rel}","templated":true}]}}