{"id":7911,"date":"2026-04-27T04:40:51","date_gmt":"2026-04-27T04:40:51","guid":{"rendered":""},"modified":"2026-04-27T04:40:51","modified_gmt":"2026-04-27T04:40:51","slug":"autenticky-gardena-0988-20-cl-rucni-kartac-7911","status":"publish","type":"product","link":"https:\/\/www.oknobuild.com\/index.php\/produkt\/autenticky-gardena-0988-20-cl-rucni-kartac-7911\/","title":{"rendered":"Autentick\u00fd Gardena 0988-20 cl-ru\u010dn\u00ed kart\u00e1\u010d"},"content":{"rendered":"<table>\n<div class=\"tab-pane active product-description\" id=\"popis\" role=\"tabpanel\">\n<div class=\"short-description\" itemprop=\"description\"><\/div>\n<div class=\"description\">\u25ba Pr\u016ftok vody podle po\u017eadavk\u016f &#8211; lze tak\u00e9 zablokovat<span class='bullet-line'>Pr\u016ftok vody je plynule nastaviteln\u00fd. <\/span><span class='bullet-line'>Pokud chcete, m\u016f\u017eete nastaven\u00ed pr\u016ftoku jednodu\u0161e zablokovat.<\/span>\u25ba Z\u00e1ruka v trv\u00e1n\u00ed 5 let je d\u016fkazem vysok\u00e9 kvality<span class='bullet-line'>Podrobnosti o podm\u00ednk\u00e1ch z\u00e1ruky najdete v p\u0159ilo\u017een\u00e9m n\u00e1vodu k pou\u017eit\u00ed nebo online na www.gardena.com\/warranty.<\/span><span class='bullet-line'>Tato z\u00e1ruka nem\u00e1 vliv na va\u0161e z\u00e1konn\u00e9 z\u00e1ru\u010dn\u00ed n\u00e1roky.<\/span>\u25ba Lze integrovat m\u00fddlov\u00e9 ty\u010dinky GARDENA<span class='bullet-line'>M\u00fddlov\u00e9 ty\u010dinky od spole\u010dnosti GARDENA podporuj\u00ed \u010distic\u00ed efekt. <\/span><span class='bullet-line'>Lze je snadno p\u0159id\u00e1vat do ru\u010dn\u00edho tvrd\u00e9ho kart\u00e1\u010de.<\/span>\u25ba \u0160pi\u010dkov\u00e1 kvalita v\u00fdrobku<span class='bullet-line'>Kvalitn\u00ed n\u011bmeck\u00e9 v\u00fdrobky GARDENA znamenaj\u00ed d\u016fv\u011bryhodn\u00fd v\u00fdkon, spolehlivost a neust\u00e1l\u00e9 inovace.<\/span>\u25ba Ploch\u00fd a \u00fazk\u00fd tvar pro je\u0161t\u011b t\u011bsn\u011bj\u0161\u00ed m\u00edsta<span class='bullet-line'>Snadno pou\u017eiteln\u00fd ru\u010dn\u00ed tvrd\u00fd kart\u00e1\u010d se dostane t\u00e9m\u011b\u0159 v\u0161ude.<\/span>\u25ba Intenzivn\u00ed \u010di\u0161t\u011bn\u00ed<span class='bullet-line'>Vysoce kvalitn\u00ed \u0161t\u011btiny jsou robustn\u00ed a zaji\u0161\u0165uj\u00ed d\u016fkladn\u00e9 a \u00fa\u010dinn\u00e9 \u010di\u0161t\u011bn\u00ed.<\/span>\u25ba Myt\u00ed tekouc\u00ed vodou<span class='bullet-line'>Ru\u010dn\u00ed myc\u00ed kart\u00e1\u010d od spole\u010dnosti GARDENA je p\u0159ipojen k p\u0159\u00edvodu vody a je vybaven p\u0159\u00edpojkou Original GARDENA syst\u00e9mu.<\/span><span class='bullet-line'>S ru\u010dn\u00edm kart\u00e1\u010dem od spole\u010dnosti GARDENA p\u0159ipojen\u00fdm k p\u0159\u00edvodu vody a vybaven\u00fdm p\u0159\u00edpojkou Original GARDENA syst\u00e9mu lze snadno a d\u016fkladn\u011b \u010distit odoln\u00e9 povrchy. <\/span><span class='bullet-line'>D\u00edky elastick\u00e9 a ploch\u00e9 hlavici kart\u00e1\u010de se dostanete i na ta neju\u017e\u0161\u00ed m\u00edsta, nap\u0159\u00edklad u zahradn\u00edho n\u00e1\u0159ad\u00ed, hol\u00ednek, odpadkov\u00fdch ko\u0161\u016f atd. Pr\u016ftok vody lze plynule nastavovat a nastaven\u00ed lze uzamknout. <\/span><span class='bullet-line'>Pro efektivn\u00ed \u010di\u0161t\u011bn\u00ed lze p\u0159idat m\u00fddlov\u00e9 ty\u010dinky od spole\u010dnosti GARDENA. <\/span><span class='bullet-line'>Ukl\u00edzen\u00ed m\u016f\u017ee b\u00fdt tak snadn\u00e9. <\/span><span class='bullet-line'>Nelze jej kombinovat s vodn\u00edmi n\u00e1sadami Original GARDENA Cleansystem.<\/span><\/div>\n<div class=\"parameters\">\n<tr>\n<td>Pou\u017eit\u00ed<\/td>\n<td>Pro \u010di\u0161t\u011bn\u00ed zahradn\u00edho n\u00e1\u0159ad\u00ed, odpadkov\u00fdch ko\u0161\u016f atd.<\/td>\n<\/tr>\n<tr>\n<td>Z\u00e1ruka spole\u010dnosti Gardena<\/td>\n<td>Z\u00e1ruka 5 let<\/td>\n<\/tr><\/div>\n<\/table>\n","protected":false},"excerpt":{"rendered":"<p>\u25ba Pr\u016ftok vody podle po\u017eadavk\u016f &#8211; lze tak\u00e9 zablokovatPr\u016ftok vody je plynule nastaviteln\u00fd. Pokud chcete, m\u016f\u017eete nastaven\u00ed pr\u016ftoku jednodu\u0161e zablokovat.\u25ba Z\u00e1ruka v trv\u00e1n\u00ed 5 let je d\u016fkazem vysok\u00e9 kvalityPodrobnosti o podm\u00ednk\u00e1ch z\u00e1ruky najdete v p\u0159ilo\u017een\u00e9m n\u00e1vodu k pou\u017eit\u00ed nebo online na www.gardena.com\/warranty.Tato z\u00e1ruka nem\u00e1 vliv na va\u0161e z\u00e1konn\u00e9 z\u00e1ru\u010dn\u00ed n\u00e1roky.\u25ba Lze integrovat m\u00fddlov\u00e9 ty\u010dinky GARDENAM\u00fddlov\u00e9 [&hellip;]<\/p>\n","protected":false},"featured_media":8011,"comment_status":"open","ping_status":"open","template":"","meta":[],"product_brand":[],"product_cat":[49],"product_tag":[],"class_list":{"0":"post-7911","1":"product","2":"type-product","3":"status-publish","4":"has-post-thumbnail","6":"product_cat-cistici-technika","8":"first","9":"instock","10":"sale","11":"shipping-taxable","12":"purchasable","13":"product-type-simple"},"yoast_head":"<!-- This site is optimized with the Yoast SEO plugin v26.8 - https:\/\/yoast.com\/product\/yoast-seo-wordpress\/ -->\n<title>Autentick\u00fd Gardena 0988-20 cl-ru\u010dn\u00ed kart\u00e1\u010d -<\/title>\n<meta name=\"robots\" content=\"index, follow, max-snippet:-1, max-image-preview:large, max-video-preview:-1\" \/>\n<link rel=\"canonical\" href=\"https:\/\/www.oknobuild.com\/index.php\/produkt\/autenticky-gardena-0988-20-cl-rucni-kartac-7911\/\" \/>\n<meta property=\"og:locale\" content=\"cs_CZ\" \/>\n<meta property=\"og:type\" content=\"article\" \/>\n<meta property=\"og:title\" content=\"Autentick\u00fd Gardena 0988-20 cl-ru\u010dn\u00ed kart\u00e1\u010d -\" \/>\n<meta property=\"og:description\" content=\"\u25ba Pr\u016ftok vody podle po\u017eadavk\u016f &#8211; lze tak\u00e9 zablokovatPr\u016ftok vody je plynule nastaviteln\u00fd. Pokud chcete, m\u016f\u017eete nastaven\u00ed pr\u016ftoku jednodu\u0161e zablokovat.\u25ba Z\u00e1ruka v trv\u00e1n\u00ed 5 let je d\u016fkazem vysok\u00e9 kvalityPodrobnosti o podm\u00ednk\u00e1ch z\u00e1ruky najdete v p\u0159ilo\u017een\u00e9m n\u00e1vodu k pou\u017eit\u00ed nebo online na www.gardena.com\/warranty.Tato z\u00e1ruka nem\u00e1 vliv na va\u0161e z\u00e1konn\u00e9 z\u00e1ru\u010dn\u00ed n\u00e1roky.\u25ba Lze integrovat m\u00fddlov\u00e9 ty\u010dinky GARDENAM\u00fddlov\u00e9 [&hellip;]\" \/>\n<meta property=\"og:url\" content=\"https:\/\/www.oknobuild.com\/index.php\/produkt\/autenticky-gardena-0988-20-cl-rucni-kartac-7911\/\" \/>\n<meta property=\"og:image\" content=\"https:\/\/www.oknobuild.com\/wp-content\/uploads\/2026\/SK0018659-CZ20260425-092328-0-1777080210-208523-1_140226.ashx.webp\" \/>\n\t<meta property=\"og:image:width\" content=\"716\" \/>\n\t<meta property=\"og:image:height\" content=\"530\" \/>\n\t<meta property=\"og:image:type\" content=\"image\/webp\" \/>\n<meta name=\"twitter:card\" content=\"summary_large_image\" \/>\n<meta name=\"twitter:label1\" content=\"Odhadovan\u00e1 doba \u010dten\u00ed\" \/>\n\t<meta name=\"twitter:data1\" content=\"2 minuty\" \/>\n<script type=\"application\/ld+json\" class=\"yoast-schema-graph\">{\"@context\":\"https:\/\/schema.org\",\"@graph\":[{\"@type\":\"WebPage\",\"@id\":\"https:\/\/www.oknobuild.com\/index.php\/produkt\/autenticky-gardena-0988-20-cl-rucni-kartac-7911\/\",\"url\":\"https:\/\/www.oknobuild.com\/index.php\/produkt\/autenticky-gardena-0988-20-cl-rucni-kartac-7911\/\",\"name\":\"Autentick\u00fd Gardena 0988-20 cl-ru\u010dn\u00ed kart\u00e1\u010d -\",\"isPartOf\":{\"@id\":\"https:\/\/www.oknobuild.com\/#website\"},\"primaryImageOfPage\":{\"@id\":\"https:\/\/www.oknobuild.com\/index.php\/produkt\/autenticky-gardena-0988-20-cl-rucni-kartac-7911\/#primaryimage\"},\"image\":{\"@id\":\"https:\/\/www.oknobuild.com\/index.php\/produkt\/autenticky-gardena-0988-20-cl-rucni-kartac-7911\/#primaryimage\"},\"thumbnailUrl\":\"https:\/\/www.oknobuild.com\/wp-content\/uploads\/2026\/SK0018659-CZ20260425-092328-0-1777080210-208523-1_140226.ashx.webp\",\"datePublished\":\"2026-04-27T04:40:51+00:00\",\"breadcrumb\":{\"@id\":\"https:\/\/www.oknobuild.com\/index.php\/produkt\/autenticky-gardena-0988-20-cl-rucni-kartac-7911\/#breadcrumb\"},\"inLanguage\":\"cs\",\"potentialAction\":[{\"@type\":\"ReadAction\",\"target\":[\"https:\/\/www.oknobuild.com\/index.php\/produkt\/autenticky-gardena-0988-20-cl-rucni-kartac-7911\/\"]}]},{\"@type\":\"ImageObject\",\"inLanguage\":\"cs\",\"@id\":\"https:\/\/www.oknobuild.com\/index.php\/produkt\/autenticky-gardena-0988-20-cl-rucni-kartac-7911\/#primaryimage\",\"url\":\"https:\/\/www.oknobuild.com\/wp-content\/uploads\/2026\/SK0018659-CZ20260425-092328-0-1777080210-208523-1_140226.ashx.webp\",\"contentUrl\":\"https:\/\/www.oknobuild.com\/wp-content\/uploads\/2026\/SK0018659-CZ20260425-092328-0-1777080210-208523-1_140226.ashx.webp\",\"width\":716,\"height\":530},{\"@type\":\"BreadcrumbList\",\"@id\":\"https:\/\/www.oknobuild.com\/index.php\/produkt\/autenticky-gardena-0988-20-cl-rucni-kartac-7911\/#breadcrumb\",\"itemListElement\":[{\"@type\":\"ListItem\",\"position\":1,\"name\":\"Home\",\"item\":\"https:\/\/www.oknobuild.com\/\"},{\"@type\":\"ListItem\",\"position\":2,\"name\":\"Products\",\"item\":\"https:\/\/www.oknobuild.com\/index.php\/products\/\"},{\"@type\":\"ListItem\",\"position\":3,\"name\":\"Autentick\u00fd Gardena 0988-20 cl-ru\u010dn\u00ed kart\u00e1\u010d\"}]},{\"@type\":\"WebSite\",\"@id\":\"https:\/\/www.oknobuild.com\/#website\",\"url\":\"https:\/\/www.oknobuild.com\/\",\"name\":\"\",\"description\":\"\",\"potentialAction\":[{\"@type\":\"SearchAction\",\"target\":{\"@type\":\"EntryPoint\",\"urlTemplate\":\"https:\/\/www.oknobuild.com\/?s={search_term_string}\"},\"query-input\":{\"@type\":\"PropertyValueSpecification\",\"valueRequired\":true,\"valueName\":\"search_term_string\"}}],\"inLanguage\":\"cs\"}]}<\/script>\n<!-- \/ Yoast SEO plugin. -->","yoast_head_json":{"title":"Autentick\u00fd Gardena 0988-20 cl-ru\u010dn\u00ed kart\u00e1\u010d -","robots":{"index":"index","follow":"follow","max-snippet":"max-snippet:-1","max-image-preview":"max-image-preview:large","max-video-preview":"max-video-preview:-1"},"canonical":"https:\/\/www.oknobuild.com\/index.php\/produkt\/autenticky-gardena-0988-20-cl-rucni-kartac-7911\/","og_locale":"cs_CZ","og_type":"article","og_title":"Autentick\u00fd Gardena 0988-20 cl-ru\u010dn\u00ed kart\u00e1\u010d -","og_description":"\u25ba Pr\u016ftok vody podle po\u017eadavk\u016f &#8211; lze tak\u00e9 zablokovatPr\u016ftok vody je plynule nastaviteln\u00fd. Pokud chcete, m\u016f\u017eete nastaven\u00ed pr\u016ftoku jednodu\u0161e zablokovat.\u25ba Z\u00e1ruka v trv\u00e1n\u00ed 5 let je d\u016fkazem vysok\u00e9 kvalityPodrobnosti o podm\u00ednk\u00e1ch z\u00e1ruky najdete v p\u0159ilo\u017een\u00e9m n\u00e1vodu k pou\u017eit\u00ed nebo online na www.gardena.com\/warranty.Tato z\u00e1ruka nem\u00e1 vliv na va\u0161e z\u00e1konn\u00e9 z\u00e1ru\u010dn\u00ed n\u00e1roky.\u25ba Lze integrovat m\u00fddlov\u00e9 ty\u010dinky GARDENAM\u00fddlov\u00e9 [&hellip;]","og_url":"https:\/\/www.oknobuild.com\/index.php\/produkt\/autenticky-gardena-0988-20-cl-rucni-kartac-7911\/","og_image":[{"width":716,"height":530,"url":"https:\/\/www.oknobuild.com\/wp-content\/uploads\/2026\/SK0018659-CZ20260425-092328-0-1777080210-208523-1_140226.ashx.webp","type":"image\/webp"}],"twitter_card":"summary_large_image","twitter_misc":{"Odhadovan\u00e1 doba \u010dten\u00ed":"2 minuty"},"schema":{"@context":"https:\/\/schema.org","@graph":[{"@type":"WebPage","@id":"https:\/\/www.oknobuild.com\/index.php\/produkt\/autenticky-gardena-0988-20-cl-rucni-kartac-7911\/","url":"https:\/\/www.oknobuild.com\/index.php\/produkt\/autenticky-gardena-0988-20-cl-rucni-kartac-7911\/","name":"Autentick\u00fd Gardena 0988-20 cl-ru\u010dn\u00ed kart\u00e1\u010d -","isPartOf":{"@id":"https:\/\/www.oknobuild.com\/#website"},"primaryImageOfPage":{"@id":"https:\/\/www.oknobuild.com\/index.php\/produkt\/autenticky-gardena-0988-20-cl-rucni-kartac-7911\/#primaryimage"},"image":{"@id":"https:\/\/www.oknobuild.com\/index.php\/produkt\/autenticky-gardena-0988-20-cl-rucni-kartac-7911\/#primaryimage"},"thumbnailUrl":"https:\/\/www.oknobuild.com\/wp-content\/uploads\/2026\/SK0018659-CZ20260425-092328-0-1777080210-208523-1_140226.ashx.webp","datePublished":"2026-04-27T04:40:51+00:00","breadcrumb":{"@id":"https:\/\/www.oknobuild.com\/index.php\/produkt\/autenticky-gardena-0988-20-cl-rucni-kartac-7911\/#breadcrumb"},"inLanguage":"cs","potentialAction":[{"@type":"ReadAction","target":["https:\/\/www.oknobuild.com\/index.php\/produkt\/autenticky-gardena-0988-20-cl-rucni-kartac-7911\/"]}]},{"@type":"ImageObject","inLanguage":"cs","@id":"https:\/\/www.oknobuild.com\/index.php\/produkt\/autenticky-gardena-0988-20-cl-rucni-kartac-7911\/#primaryimage","url":"https:\/\/www.oknobuild.com\/wp-content\/uploads\/2026\/SK0018659-CZ20260425-092328-0-1777080210-208523-1_140226.ashx.webp","contentUrl":"https:\/\/www.oknobuild.com\/wp-content\/uploads\/2026\/SK0018659-CZ20260425-092328-0-1777080210-208523-1_140226.ashx.webp","width":716,"height":530},{"@type":"BreadcrumbList","@id":"https:\/\/www.oknobuild.com\/index.php\/produkt\/autenticky-gardena-0988-20-cl-rucni-kartac-7911\/#breadcrumb","itemListElement":[{"@type":"ListItem","position":1,"name":"Home","item":"https:\/\/www.oknobuild.com\/"},{"@type":"ListItem","position":2,"name":"Products","item":"https:\/\/www.oknobuild.com\/index.php\/products\/"},{"@type":"ListItem","position":3,"name":"Autentick\u00fd Gardena 0988-20 cl-ru\u010dn\u00ed kart\u00e1\u010d"}]},{"@type":"WebSite","@id":"https:\/\/www.oknobuild.com\/#website","url":"https:\/\/www.oknobuild.com\/","name":"","description":"","potentialAction":[{"@type":"SearchAction","target":{"@type":"EntryPoint","urlTemplate":"https:\/\/www.oknobuild.com\/?s={search_term_string}"},"query-input":{"@type":"PropertyValueSpecification","valueRequired":true,"valueName":"search_term_string"}}],"inLanguage":"cs"}]}},"_links":{"self":[{"href":"https:\/\/www.oknobuild.com\/index.php\/wp-json\/wp\/v2\/product\/7911","targetHints":{"allow":["GET"]}}],"collection":[{"href":"https:\/\/www.oknobuild.com\/index.php\/wp-json\/wp\/v2\/product"}],"about":[{"href":"https:\/\/www.oknobuild.com\/index.php\/wp-json\/wp\/v2\/types\/product"}],"replies":[{"embeddable":true,"href":"https:\/\/www.oknobuild.com\/index.php\/wp-json\/wp\/v2\/comments?post=7911"}],"wp:featuredmedia":[{"embeddable":true,"href":"https:\/\/www.oknobuild.com\/index.php\/wp-json\/wp\/v2\/media\/8011"}],"wp:attachment":[{"href":"https:\/\/www.oknobuild.com\/index.php\/wp-json\/wp\/v2\/media?parent=7911"}],"wp:term":[{"taxonomy":"product_brand","embeddable":true,"href":"https:\/\/www.oknobuild.com\/index.php\/wp-json\/wp\/v2\/product_brand?post=7911"},{"taxonomy":"product_cat","embeddable":true,"href":"https:\/\/www.oknobuild.com\/index.php\/wp-json\/wp\/v2\/product_cat?post=7911"},{"taxonomy":"product_tag","embeddable":true,"href":"https:\/\/www.oknobuild.com\/index.php\/wp-json\/wp\/v2\/product_tag?post=7911"}],"curies":[{"name":"wp","href":"https:\/\/api.w.org\/{rel}","templated":true}]}}