{"id":9376,"date":"2026-04-27T04:40:55","date_gmt":"2026-04-27T04:40:55","guid":{"rendered":""},"modified":"2026-04-27T04:40:55","modified_gmt":"2026-04-27T04:40:55","slug":"novinka-motip-090511d-spray-cistic-penovy-uni-500ml-9376","status":"publish","type":"product","link":"https:\/\/www.oknobuild.com\/index.php\/produkt\/novinka-motip-090511d-spray-cistic-penovy-uni-500ml-9376\/","title":{"rendered":"Novinka MOTIP 090511D SPRAY \u010cISTI\u010c P\u011aNOV\u00dd UNI 500ML"},"content":{"rendered":"<table>\n<div class=\"tab-pane active product-description\" id=\"popis\" role=\"tabpanel\">\n<div class=\"short-description\" itemprop=\"description\"><\/div>\n<div class=\"description\"><span class='bullet-line'>\u00da\u010dinn\u00e1 univerz\u00e1ln\u00ed \u010distic\u00ed p\u011bna.<br \/><\/span><span class='bullet-line'>Lze snadno aplikovat. <br \/><\/span><span class='bullet-line'>Siln\u011b rozpou\u0161t\u011bc\u00ed schopnosti.<\/span><\/div>\n<\/table>\n","protected":false},"excerpt":{"rendered":"<p>\u00da\u010dinn\u00e1 univerz\u00e1ln\u00ed \u010distic\u00ed p\u011bna.Lze snadno aplikovat. Siln\u011b rozpou\u0161t\u011bc\u00ed schopnosti.<\/p>\n","protected":false},"featured_media":9476,"comment_status":"open","ping_status":"open","template":"","meta":[],"product_brand":[],"product_cat":[50,52,51],"product_tag":[],"class_list":{"0":"post-9376","1":"product","2":"type-product","3":"status-publish","4":"has-post-thumbnail","6":"product_cat-barvy","7":"product_cat-chemie","8":"product_cat-laky","10":"first","11":"instock","12":"sale","13":"shipping-taxable","14":"purchasable","15":"product-type-simple"},"yoast_head":"<!-- This site is optimized with the Yoast SEO plugin v26.8 - https:\/\/yoast.com\/product\/yoast-seo-wordpress\/ -->\n<title>Novinka MOTIP 090511D SPRAY \u010cISTI\u010c P\u011aNOV\u00dd UNI 500ML -<\/title>\n<meta name=\"robots\" content=\"index, follow, max-snippet:-1, max-image-preview:large, max-video-preview:-1\" \/>\n<link rel=\"canonical\" href=\"https:\/\/www.oknobuild.com\/index.php\/produkt\/novinka-motip-090511d-spray-cistic-penovy-uni-500ml-9376\/\" \/>\n<meta property=\"og:locale\" content=\"cs_CZ\" \/>\n<meta property=\"og:type\" content=\"article\" \/>\n<meta property=\"og:title\" content=\"Novinka MOTIP 090511D SPRAY \u010cISTI\u010c P\u011aNOV\u00dd UNI 500ML -\" \/>\n<meta property=\"og:description\" content=\"\u00da\u010dinn\u00e1 univerz\u00e1ln\u00ed \u010distic\u00ed p\u011bna.Lze snadno aplikovat. Siln\u011b rozpou\u0161t\u011bc\u00ed schopnosti.\" \/>\n<meta property=\"og:url\" content=\"https:\/\/www.oknobuild.com\/index.php\/produkt\/novinka-motip-090511d-spray-cistic-penovy-uni-500ml-9376\/\" \/>\n<meta property=\"og:image\" content=\"https:\/\/www.oknobuild.com\/wp-content\/uploads\/2026\/SK0019427-CZ20260425-092328-0-1777080210-webl1337.webp\" \/>\n\t<meta property=\"og:image:width\" content=\"238\" \/>\n\t<meta property=\"og:image:height\" content=\"238\" \/>\n\t<meta property=\"og:image:type\" content=\"image\/webp\" \/>\n<meta name=\"twitter:card\" content=\"summary_large_image\" \/>\n<script type=\"application\/ld+json\" class=\"yoast-schema-graph\">{\"@context\":\"https:\/\/schema.org\",\"@graph\":[{\"@type\":\"WebPage\",\"@id\":\"https:\/\/www.oknobuild.com\/index.php\/produkt\/novinka-motip-090511d-spray-cistic-penovy-uni-500ml-9376\/\",\"url\":\"https:\/\/www.oknobuild.com\/index.php\/produkt\/novinka-motip-090511d-spray-cistic-penovy-uni-500ml-9376\/\",\"name\":\"Novinka MOTIP 090511D SPRAY \u010cISTI\u010c P\u011aNOV\u00dd UNI 500ML -\",\"isPartOf\":{\"@id\":\"https:\/\/www.oknobuild.com\/#website\"},\"primaryImageOfPage\":{\"@id\":\"https:\/\/www.oknobuild.com\/index.php\/produkt\/novinka-motip-090511d-spray-cistic-penovy-uni-500ml-9376\/#primaryimage\"},\"image\":{\"@id\":\"https:\/\/www.oknobuild.com\/index.php\/produkt\/novinka-motip-090511d-spray-cistic-penovy-uni-500ml-9376\/#primaryimage\"},\"thumbnailUrl\":\"https:\/\/www.oknobuild.com\/wp-content\/uploads\/2026\/SK0019427-CZ20260425-092328-0-1777080210-webl1337.webp\",\"datePublished\":\"2026-04-27T04:40:55+00:00\",\"breadcrumb\":{\"@id\":\"https:\/\/www.oknobuild.com\/index.php\/produkt\/novinka-motip-090511d-spray-cistic-penovy-uni-500ml-9376\/#breadcrumb\"},\"inLanguage\":\"cs\",\"potentialAction\":[{\"@type\":\"ReadAction\",\"target\":[\"https:\/\/www.oknobuild.com\/index.php\/produkt\/novinka-motip-090511d-spray-cistic-penovy-uni-500ml-9376\/\"]}]},{\"@type\":\"ImageObject\",\"inLanguage\":\"cs\",\"@id\":\"https:\/\/www.oknobuild.com\/index.php\/produkt\/novinka-motip-090511d-spray-cistic-penovy-uni-500ml-9376\/#primaryimage\",\"url\":\"https:\/\/www.oknobuild.com\/wp-content\/uploads\/2026\/SK0019427-CZ20260425-092328-0-1777080210-webl1337.webp\",\"contentUrl\":\"https:\/\/www.oknobuild.com\/wp-content\/uploads\/2026\/SK0019427-CZ20260425-092328-0-1777080210-webl1337.webp\",\"width\":238,\"height\":238},{\"@type\":\"BreadcrumbList\",\"@id\":\"https:\/\/www.oknobuild.com\/index.php\/produkt\/novinka-motip-090511d-spray-cistic-penovy-uni-500ml-9376\/#breadcrumb\",\"itemListElement\":[{\"@type\":\"ListItem\",\"position\":1,\"name\":\"Home\",\"item\":\"https:\/\/www.oknobuild.com\/\"},{\"@type\":\"ListItem\",\"position\":2,\"name\":\"Products\",\"item\":\"https:\/\/www.oknobuild.com\/index.php\/products\/\"},{\"@type\":\"ListItem\",\"position\":3,\"name\":\"Novinka MOTIP 090511D SPRAY \u010cISTI\u010c P\u011aNOV\u00dd UNI 500ML\"}]},{\"@type\":\"WebSite\",\"@id\":\"https:\/\/www.oknobuild.com\/#website\",\"url\":\"https:\/\/www.oknobuild.com\/\",\"name\":\"\",\"description\":\"\",\"potentialAction\":[{\"@type\":\"SearchAction\",\"target\":{\"@type\":\"EntryPoint\",\"urlTemplate\":\"https:\/\/www.oknobuild.com\/?s={search_term_string}\"},\"query-input\":{\"@type\":\"PropertyValueSpecification\",\"valueRequired\":true,\"valueName\":\"search_term_string\"}}],\"inLanguage\":\"cs\"}]}<\/script>\n<!-- \/ Yoast SEO plugin. -->","yoast_head_json":{"title":"Novinka MOTIP 090511D SPRAY \u010cISTI\u010c P\u011aNOV\u00dd UNI 500ML -","robots":{"index":"index","follow":"follow","max-snippet":"max-snippet:-1","max-image-preview":"max-image-preview:large","max-video-preview":"max-video-preview:-1"},"canonical":"https:\/\/www.oknobuild.com\/index.php\/produkt\/novinka-motip-090511d-spray-cistic-penovy-uni-500ml-9376\/","og_locale":"cs_CZ","og_type":"article","og_title":"Novinka MOTIP 090511D SPRAY \u010cISTI\u010c P\u011aNOV\u00dd UNI 500ML -","og_description":"\u00da\u010dinn\u00e1 univerz\u00e1ln\u00ed \u010distic\u00ed p\u011bna.Lze snadno aplikovat. Siln\u011b rozpou\u0161t\u011bc\u00ed schopnosti.","og_url":"https:\/\/www.oknobuild.com\/index.php\/produkt\/novinka-motip-090511d-spray-cistic-penovy-uni-500ml-9376\/","og_image":[{"width":238,"height":238,"url":"https:\/\/www.oknobuild.com\/wp-content\/uploads\/2026\/SK0019427-CZ20260425-092328-0-1777080210-webl1337.webp","type":"image\/webp"}],"twitter_card":"summary_large_image","schema":{"@context":"https:\/\/schema.org","@graph":[{"@type":"WebPage","@id":"https:\/\/www.oknobuild.com\/index.php\/produkt\/novinka-motip-090511d-spray-cistic-penovy-uni-500ml-9376\/","url":"https:\/\/www.oknobuild.com\/index.php\/produkt\/novinka-motip-090511d-spray-cistic-penovy-uni-500ml-9376\/","name":"Novinka MOTIP 090511D SPRAY \u010cISTI\u010c P\u011aNOV\u00dd UNI 500ML -","isPartOf":{"@id":"https:\/\/www.oknobuild.com\/#website"},"primaryImageOfPage":{"@id":"https:\/\/www.oknobuild.com\/index.php\/produkt\/novinka-motip-090511d-spray-cistic-penovy-uni-500ml-9376\/#primaryimage"},"image":{"@id":"https:\/\/www.oknobuild.com\/index.php\/produkt\/novinka-motip-090511d-spray-cistic-penovy-uni-500ml-9376\/#primaryimage"},"thumbnailUrl":"https:\/\/www.oknobuild.com\/wp-content\/uploads\/2026\/SK0019427-CZ20260425-092328-0-1777080210-webl1337.webp","datePublished":"2026-04-27T04:40:55+00:00","breadcrumb":{"@id":"https:\/\/www.oknobuild.com\/index.php\/produkt\/novinka-motip-090511d-spray-cistic-penovy-uni-500ml-9376\/#breadcrumb"},"inLanguage":"cs","potentialAction":[{"@type":"ReadAction","target":["https:\/\/www.oknobuild.com\/index.php\/produkt\/novinka-motip-090511d-spray-cistic-penovy-uni-500ml-9376\/"]}]},{"@type":"ImageObject","inLanguage":"cs","@id":"https:\/\/www.oknobuild.com\/index.php\/produkt\/novinka-motip-090511d-spray-cistic-penovy-uni-500ml-9376\/#primaryimage","url":"https:\/\/www.oknobuild.com\/wp-content\/uploads\/2026\/SK0019427-CZ20260425-092328-0-1777080210-webl1337.webp","contentUrl":"https:\/\/www.oknobuild.com\/wp-content\/uploads\/2026\/SK0019427-CZ20260425-092328-0-1777080210-webl1337.webp","width":238,"height":238},{"@type":"BreadcrumbList","@id":"https:\/\/www.oknobuild.com\/index.php\/produkt\/novinka-motip-090511d-spray-cistic-penovy-uni-500ml-9376\/#breadcrumb","itemListElement":[{"@type":"ListItem","position":1,"name":"Home","item":"https:\/\/www.oknobuild.com\/"},{"@type":"ListItem","position":2,"name":"Products","item":"https:\/\/www.oknobuild.com\/index.php\/products\/"},{"@type":"ListItem","position":3,"name":"Novinka MOTIP 090511D SPRAY \u010cISTI\u010c P\u011aNOV\u00dd UNI 500ML"}]},{"@type":"WebSite","@id":"https:\/\/www.oknobuild.com\/#website","url":"https:\/\/www.oknobuild.com\/","name":"","description":"","potentialAction":[{"@type":"SearchAction","target":{"@type":"EntryPoint","urlTemplate":"https:\/\/www.oknobuild.com\/?s={search_term_string}"},"query-input":{"@type":"PropertyValueSpecification","valueRequired":true,"valueName":"search_term_string"}}],"inLanguage":"cs"}]}},"_links":{"self":[{"href":"https:\/\/www.oknobuild.com\/index.php\/wp-json\/wp\/v2\/product\/9376","targetHints":{"allow":["GET"]}}],"collection":[{"href":"https:\/\/www.oknobuild.com\/index.php\/wp-json\/wp\/v2\/product"}],"about":[{"href":"https:\/\/www.oknobuild.com\/index.php\/wp-json\/wp\/v2\/types\/product"}],"replies":[{"embeddable":true,"href":"https:\/\/www.oknobuild.com\/index.php\/wp-json\/wp\/v2\/comments?post=9376"}],"wp:featuredmedia":[{"embeddable":true,"href":"https:\/\/www.oknobuild.com\/index.php\/wp-json\/wp\/v2\/media\/9476"}],"wp:attachment":[{"href":"https:\/\/www.oknobuild.com\/index.php\/wp-json\/wp\/v2\/media?parent=9376"}],"wp:term":[{"taxonomy":"product_brand","embeddable":true,"href":"https:\/\/www.oknobuild.com\/index.php\/wp-json\/wp\/v2\/product_brand?post=9376"},{"taxonomy":"product_cat","embeddable":true,"href":"https:\/\/www.oknobuild.com\/index.php\/wp-json\/wp\/v2\/product_cat?post=9376"},{"taxonomy":"product_tag","embeddable":true,"href":"https:\/\/www.oknobuild.com\/index.php\/wp-json\/wp\/v2\/product_tag?post=9376"}],"curies":[{"name":"wp","href":"https:\/\/api.w.org\/{rel}","templated":true}]}}